Last updated on 2025-05-01 14:49:12 CEST.
Flavor | Version | Tinstall | Tcheck | Ttotal | Status | Flags |
---|---|---|---|---|---|---|
r-devel-linux-x86_64-debian-clang | 0.0.5 | 2.98 | 109.94 | 112.92 | NOTE | |
r-devel-linux-x86_64-debian-gcc | 0.0.5 | 2.10 | 72.34 | 74.44 | NOTE | |
r-devel-linux-x86_64-fedora-clang | 0.0.5 | 175.96 | OK | |||
r-devel-linux-x86_64-fedora-gcc | 0.0.5 | 188.97 | OK | |||
r-devel-windows-x86_64 | 0.0.5 | 6.00 | 128.00 | 134.00 | OK | |
r-patched-linux-x86_64 | 0.0.5 | 3.88 | 104.43 | 108.31 | OK | |
r-release-linux-x86_64 | OK | |||||
r-release-macos-arm64 | 0.0.5 | 69.00 | OK | |||
r-release-macos-x86_64 | 0.0.5 | 131.00 | OK | |||
r-release-windows-x86_64 | 0.0.5 | 6.00 | 128.00 | 134.00 | OK | |
r-oldrel-macos-arm64 | 0.0.5 | 63.00 | OK | |||
r-oldrel-macos-x86_64 | 0.0.5 | 110.00 | OK | |||
r-oldrel-windows-x86_64 | 0.0.5 | 6.00 | 165.00 | 171.00 | OK |
Version: 0.0.5
Check: CRAN incoming feasibility
Result: NOTE
Maintainer: ‘Samuel Thomas <samthoma@iu.edu>’
The Description field contains
Monte Carlo" <arXiv:1701.02434>, Thomas, S., Tu, W. (2020) "Learning
Hamiltonian Monte Carlo in R" <arXiv:2006.16194>, Gelman, A., Carlin,
Please refer to arXiv e-prints via their arXiv DOI <doi:10.48550/arXiv.YYMM.NNNNN>.
Flavors: r-devel-linux-x86_64-debian-clang, r-devel-linux-x86_64-debian-gcc
Version: 0.0.5
Check: examples
Result: NOTE
Examples with CPU (user + system) or elapsed time > 5s
user system elapsed
hmclearn-plots 4.955 0.071 6.287
diagplots 4.097 0.066 5.767
Flavor: r-devel-linux-x86_64-debian-clang
These binaries (installable software) and packages are in development.
They may not be fully stable and should be used with caution. We make no claims about them.