Last updated on 2025-10-24 13:49:40 CEST.
| Flavor | Version | Tinstall | Tcheck | Ttotal | Status | Flags |
|---|---|---|---|---|---|---|
| r-devel-linux-x86_64-debian-clang | 3.0-9 | 8.38 | 55.04 | 63.42 | NOTE | |
| r-devel-linux-x86_64-debian-gcc | 3.0-9 | 5.99 | 36.54 | 42.53 | NOTE | |
| r-devel-linux-x86_64-fedora-clang | 3.0-9 | 26.00 | 71.77 | 97.77 | NOTE | |
| r-devel-linux-x86_64-fedora-gcc | 3.0-9 | 22.00 | 66.02 | 88.02 | NOTE | |
| r-devel-windows-x86_64 | 3.0-9 | 13.00 | 74.00 | 87.00 | NOTE | |
| r-patched-linux-x86_64 | 3.0-9 | 10.09 | 51.55 | 61.64 | NOTE | |
| r-release-linux-x86_64 | 3.0-9 | 8.70 | 51.91 | 60.61 | NOTE | |
| r-release-macos-arm64 | 3.0-9 | 5.00 | 23.00 | 28.00 | NOTE | |
| r-release-macos-x86_64 | 3.0-9 | 8.00 | 43.00 | 51.00 | NOTE | |
| r-release-windows-x86_64 | 3.0-9 | 12.00 | 76.00 | 88.00 | NOTE | |
| r-oldrel-macos-arm64 | 3.0-9 | 5.00 | 21.00 | 26.00 | NOTE | |
| r-oldrel-macos-x86_64 | 3.0-9 | 11.00 | 37.00 | 48.00 | NOTE | |
| r-oldrel-windows-x86_64 | 3.0-9 | 15.00 | 87.00 | 102.00 | NOTE |
Version: 3.0-9
Check: CRAN incoming feasibility
Result: NOTE
Maintainer: ‘Rolf Turner <r.turner@auckland.ac.nz>’
No Authors@R field in DESCRIPTION.
Please add one, modifying
Authors@R: person(given = "Rolf",
family = "Turner",
role = c("aut", "cre"),
email = "r.turner@auckland.ac.nz")
as necessary.
Flavors: r-devel-linux-x86_64-debian-clang, r-devel-linux-x86_64-debian-gcc
Version: 3.0-9
Check: Rd files
Result: NOTE
checkRd: (-1) nafracCalc.Rd:45: Lost braces
45 | as if code{y} were not of class \code{"multipleHmmDataSets"}.
| ^
Flavors: r-devel-linux-x86_64-debian-clang, r-devel-linux-x86_64-debian-gcc, r-devel-linux-x86_64-fedora-clang, r-devel-linux-x86_64-fedora-gcc, r-devel-windows-x86_64, r-patched-linux-x86_64, r-release-linux-x86_64, r-release-macos-arm64, r-release-macos-x86_64, r-release-windows-x86_64, r-oldrel-macos-arm64, r-oldrel-macos-x86_64, r-oldrel-windows-x86_64
These binaries (installable software) and packages are in development.
They may not be fully stable and should be used with caution. We make no claims about them.