Last updated on 2025-10-03 05:53:34 CEST.
Flavor | Version | Tinstall | Tcheck | Ttotal | Status | Flags |
---|---|---|---|---|---|---|
r-devel-linux-x86_64-debian-clang | 1.1.1 | 195.73 | 264.21 | 459.94 | OK | |
r-devel-linux-x86_64-debian-gcc | 1.1.1 | 173.14 | 176.36 | 349.50 | OK | |
r-devel-linux-x86_64-fedora-clang | 1.1.1 | 764.86 | OK | |||
r-devel-linux-x86_64-fedora-gcc | 1.1.1 | 929.32 | OK | |||
r-devel-windows-x86_64 | 1.1.1 | 195.00 | 247.00 | 442.00 | OK | |
r-patched-linux-x86_64 | 1.1.1 | 231.00 | 254.81 | 485.81 | OK | |
r-release-linux-x86_64 | 1.1.1 | 231.95 | 251.54 | 483.49 | OK | |
r-release-macos-arm64 | 1.1.1 | 188.00 | OK | |||
r-release-macos-x86_64 | 1.1.1 | 455.00 | OK | |||
r-release-windows-x86_64 | 1.1.1 | 195.00 | 247.00 | 442.00 | OK | |
r-oldrel-macos-arm64 | 1.1.1 | 200.00 | NOTE | |||
r-oldrel-macos-x86_64 | 1.1.1 | 497.00 | NOTE | |||
r-oldrel-windows-x86_64 | 1.1.1 | 253.00 | 332.00 | 585.00 | NOTE |
Version: 1.1.1
Check: installed package size
Result: NOTE
installed size is 101.9Mb
sub-directories of 1Mb or more:
libs 100.2Mb
Flavors: r-oldrel-macos-arm64, r-oldrel-macos-x86_64, r-oldrel-windows-x86_64
These binaries (installable software) and packages are in development.
They may not be fully stable and should be used with caution. We make no claims about them.