Last updated on 2025-07-26 07:50:24 CEST.
Flavor | Version | Tinstall | Tcheck | Ttotal | Status | Flags |
---|---|---|---|---|---|---|
r-devel-linux-x86_64-debian-clang | 1.1.0 | 192.78 | 245.06 | 437.84 | OK | |
r-devel-linux-x86_64-debian-gcc | 1.1.0 | 171.64 | 162.67 | 334.31 | OK | |
r-devel-linux-x86_64-fedora-clang | 1.1.0 | 630.38 | OK | |||
r-devel-linux-x86_64-fedora-gcc | 1.1.0 | 819.02 | OK | |||
r-devel-windows-x86_64 | 1.1.0 | 192.00 | 244.00 | 436.00 | OK | |
r-patched-linux-x86_64 | 1.1.0 | 234.71 | 236.56 | 471.27 | OK | |
r-release-linux-x86_64 | 1.1.0 | 233.17 | 236.32 | 469.49 | OK | |
r-release-macos-arm64 | 1.1.0 | 202.00 | OK | |||
r-release-macos-x86_64 | 1.1.0 | 293.00 | OK | |||
r-release-windows-x86_64 | 1.1.0 | 193.00 | 241.00 | 434.00 | OK | |
r-oldrel-macos-arm64 | 1.1.0 | 206.00 | NOTE | |||
r-oldrel-macos-x86_64 | 1.1.0 | 273.00 | NOTE | |||
r-oldrel-windows-x86_64 | 1.1.0 | 259.00 | 317.00 | 576.00 | NOTE |
Version: 1.1.0
Check: installed package size
Result: NOTE
installed size is 101.9Mb
sub-directories of 1Mb or more:
libs 100.2Mb
Flavors: r-oldrel-macos-arm64, r-oldrel-macos-x86_64, r-oldrel-windows-x86_64
These binaries (installable software) and packages are in development.
They may not be fully stable and should be used with caution. We make no claims about them.