Last updated on 2025-02-07 08:51:24 CET.
Flavor | Version | Tinstall | Tcheck | Ttotal | Status | Flags |
---|---|---|---|---|---|---|
r-devel-linux-x86_64-debian-clang | 1.0-0 | 4.02 | 47.68 | 51.70 | NOTE | |
r-devel-linux-x86_64-debian-gcc | 1.0-0 | 2.98 | 35.44 | 38.42 | NOTE | |
r-devel-linux-x86_64-fedora-clang | 1.0-0 | 83.15 | NOTE | |||
r-devel-linux-x86_64-fedora-gcc | 1.0-0 | 76.37 | NOTE | |||
r-devel-windows-x86_64 | 1.0-0 | 5.00 | 73.00 | 78.00 | NOTE | |
r-patched-linux-x86_64 | 1.0-0 | 4.05 | 44.94 | 48.99 | NOTE | |
r-release-linux-x86_64 | 1.0-0 | 2.79 | 45.23 | 48.02 | NOTE | |
r-release-macos-arm64 | 1.0-0 | 26.00 | NOTE | |||
r-release-macos-x86_64 | 1.0-0 | 43.00 | NOTE | |||
r-release-windows-x86_64 | 1.0-0 | 5.00 | 71.00 | 76.00 | NOTE | |
r-oldrel-macos-arm64 | 1.0-0 | 29.00 | NOTE | |||
r-oldrel-macos-x86_64 | 1.0-0 | 44.00 | NOTE | |||
r-oldrel-windows-x86_64 | 1.0-0 | 6.00 | 78.00 | 84.00 | NOTE |
Version: 1.0-0
Check: Rd files
Result: NOTE
checkRd: (-1) disc42.Rd:28: Escaped LaTeX specials: \&
checkRd: (-1) discrimination.Rd:31: Escaped LaTeX specials: \&
Flavors: r-devel-linux-x86_64-debian-clang, r-devel-linux-x86_64-debian-gcc, r-devel-linux-x86_64-fedora-clang, r-devel-linux-x86_64-fedora-gcc, r-devel-windows-x86_64, r-patched-linux-x86_64, r-release-linux-x86_64, r-release-macos-arm64, r-release-macos-x86_64, r-release-windows-x86_64, r-oldrel-macos-arm64, r-oldrel-macos-x86_64, r-oldrel-windows-x86_64
These binaries (installable software) and packages are in development.
They may not be fully stable and should be used with caution. We make no claims about them.