Last updated on 2025-02-02 18:50:23 CET.
Flavor | Version | Tinstall | Tcheck | Ttotal | Status | Flags |
---|---|---|---|---|---|---|
r-devel-linux-x86_64-debian-clang | 1.1.3 | 3.32 | 30.65 | 33.97 | NOTE | |
r-devel-linux-x86_64-debian-gcc | 1.1.3 | 2.39 | 22.88 | 25.27 | NOTE | |
r-devel-linux-x86_64-fedora-clang | 1.1.3 | 55.79 | OK | |||
r-devel-linux-x86_64-fedora-gcc | 1.1.3 | 50.41 | OK | |||
r-devel-windows-x86_64 | 1.1.3 | 5.00 | 51.00 | 56.00 | NOTE | |
r-patched-linux-x86_64 | 1.1.3 | 4.95 | 29.50 | 34.45 | OK | |
r-release-linux-x86_64 | 1.1.3 | 3.01 | 29.16 | 32.17 | OK | |
r-release-macos-arm64 | 1.1.3 | 21.00 | OK | |||
r-release-macos-x86_64 | 1.1.3 | 31.00 | OK | |||
r-release-windows-x86_64 | 1.1.3 | 5.00 | 51.00 | 56.00 | OK | |
r-oldrel-macos-arm64 | 1.1.3 | 22.00 | OK | |||
r-oldrel-macos-x86_64 | 1.1.3 | 26.00 | OK | |||
r-oldrel-windows-x86_64 | 1.1.3 | 5.00 | 55.00 | 60.00 | OK |
Version: 1.1.3
Check: Rd cross-references
Result: NOTE
Found the following Rd file(s) with Rd \link{} targets missing package
anchors:
hms.Rd: vec_cast
Please provide package anchors for all Rd \link{} targets not in the
package itself and the base packages.
Flavors: r-devel-linux-x86_64-debian-clang, r-devel-linux-x86_64-debian-gcc, r-devel-windows-x86_64
These binaries (installable software) and packages are in development.
They may not be fully stable and should be used with caution. We make no claims about them.