CRAN Package Check Results for Package hms

Last updated on 2025-07-02 01:51:40 CEST.

Flavor Version Tinstall Tcheck Ttotal Status Flags
r-devel-linux-x86_64-debian-clang 1.1.3 3.06 31.66 34.72 NOTE
r-devel-linux-x86_64-debian-gcc 1.1.3 2.12 23.96 26.08 NOTE
r-devel-linux-x86_64-fedora-clang 1.1.3 54.16 OK
r-devel-linux-x86_64-fedora-gcc 1.1.3 50.22 OK
r-devel-windows-x86_64 1.1.3 4.00 52.00 56.00 NOTE
r-patched-linux-x86_64 NOTE
r-release-linux-x86_64 1.1.3 2.89 29.86 32.75 NOTE
r-release-macos-arm64 1.1.3 24.00 OK
r-release-macos-x86_64 1.1.3 37.00 OK
r-release-windows-x86_64 1.1.3 6.00 52.00 58.00 NOTE
r-oldrel-macos-arm64 1.1.3 21.00 OK
r-oldrel-macos-x86_64 1.1.3 31.00 OK
r-oldrel-windows-x86_64 1.1.3 6.00 58.00 64.00 OK

Check Details

Version: 1.1.3
Check: Rd cross-references
Result: NOTE Found the following Rd file(s) with Rd \link{} targets missing package anchors: hms.Rd: vec_cast Please provide package anchors for all Rd \link{} targets not in the package itself and the base packages. Flavors: r-devel-linux-x86_64-debian-clang, r-devel-linux-x86_64-debian-gcc, r-devel-windows-x86_64, r-patched-linux-x86_64, r-release-linux-x86_64, r-release-windows-x86_64

These binaries (installable software) and packages are in development.
They may not be fully stable and should be used with caution. We make no claims about them.