CRAN Package Check Results for Package hms

Last updated on 2025-05-01 14:49:12 CEST.

Flavor Version Tinstall Tcheck Ttotal Status Flags
r-devel-linux-x86_64-debian-clang 1.1.3 2.98 31.35 34.33 NOTE
r-devel-linux-x86_64-debian-gcc 1.1.3 2.53 23.52 26.05 NOTE
r-devel-linux-x86_64-fedora-clang 1.1.3 53.33 OK
r-devel-linux-x86_64-fedora-gcc 1.1.3 51.79 OK
r-devel-windows-x86_64 1.1.3 5.00 51.00 56.00 NOTE
r-patched-linux-x86_64 1.1.3 3.29 29.86 33.15 NOTE
r-release-linux-x86_64 NOTE
r-release-macos-arm64 1.1.3 24.00 OK
r-release-macos-x86_64 1.1.3 37.00 OK
r-release-windows-x86_64 1.1.3 5.00 50.00 55.00 NOTE
r-oldrel-macos-arm64 1.1.3 21.00 OK
r-oldrel-macos-x86_64 1.1.3 31.00 OK
r-oldrel-windows-x86_64 1.1.3 6.00 54.00 60.00 OK

Check Details

Version: 1.1.3
Check: Rd cross-references
Result: NOTE Found the following Rd file(s) with Rd \link{} targets missing package anchors: hms.Rd: vec_cast Please provide package anchors for all Rd \link{} targets not in the package itself and the base packages. Flavors: r-devel-linux-x86_64-debian-clang, r-devel-linux-x86_64-debian-gcc, r-devel-windows-x86_64, r-patched-linux-x86_64, r-release-linux-x86_64, r-release-windows-x86_64

These binaries (installable software) and packages are in development.
They may not be fully stable and should be used with caution. We make no claims about them.