CRAN Package Check Results for Package hnp

Last updated on 2025-10-24 11:50:48 CEST.

Flavor Version Tinstall Tcheck Ttotal Status Flags
r-devel-linux-x86_64-debian-clang 1.2-7 4.02 47.70 51.72 NOTE
r-devel-linux-x86_64-debian-gcc 1.2-7 2.95 34.97 37.92 NOTE
r-devel-linux-x86_64-fedora-clang 1.2-7 12.00 70.32 82.32 OK
r-devel-linux-x86_64-fedora-gcc 1.2-7 74.39 OK
r-devel-windows-x86_64 1.2-7 6.00 64.00 70.00 OK
r-patched-linux-x86_64 1.2-7 4.39 45.04 49.43 OK
r-release-linux-x86_64 1.2-7 3.44 44.91 48.35 OK
r-release-macos-arm64 1.2-7 2.00 49.00 51.00 OK
r-release-macos-x86_64 1.2-7 4.00 65.00 69.00 OK
r-release-windows-x86_64 1.2-7 5.00 67.00 72.00 OK
r-oldrel-macos-arm64 1.2-7 2.00 44.00 46.00 NOTE
r-oldrel-macos-x86_64 1.2-7 3.00 60.00 63.00 NOTE
r-oldrel-windows-x86_64 1.2-7 5.00 77.00 82.00 NOTE

Check Details

Version: 1.2-7
Check: Rd files
Result: NOTE checkRd: (-1) hnp.Rd:43-92: Only 2 columns allowed in this table (row 1 has 1) checkRd: (-1) hnp.Rd:43-92: Only 2 columns allowed in this table (row 2 has 1) checkRd: (-1) hnp.Rd:43-92: Only 2 columns allowed in this table (row 4 has 1) checkRd: (-1) hnp.Rd:43-92: Only 2 columns allowed in this table (row 6 has 1) checkRd: (-1) hnp.Rd:43-92: Only 2 columns allowed in this table (row 8 has 1) checkRd: (-1) hnp.Rd:43-92: Only 2 columns allowed in this table (row 9 has 1) checkRd: (-1) hnp.Rd:43-92: Only 2 columns allowed in this table (row 10 has 1) checkRd: (-1) hnp.Rd:43-92: Only 2 columns allowed in this table (row 12 has 1) checkRd: (-1) hnp.Rd:43-92: Only 2 columns allowed in this table (row 14 has 1) checkRd: (-1) hnp.Rd:43-92: Only 2 columns allowed in this table (row 19 has 1) checkRd: (-1) hnp.Rd:43-92: Only 2 columns allowed in this table (row 24 has 1) checkRd: (-1) hnp.Rd:43-92: Only 2 columns allowed in this table (row 28 has 1) checkRd: (-1) hnp.Rd:43-92: Only 2 columns allowed in this table (row 30 has 1) checkRd: (-1) hnp.Rd:43-92: Only 2 columns allowed in this table (row 31 has 1) checkRd: (-1) hnp.Rd:43-92: Only 2 columns allowed in this table (row 32 has 1) checkRd: (-1) hnp.Rd:43-92: Only 2 columns allowed in this table (row 34 has 1) checkRd: (-1) hnp.Rd:43-92: Only 2 columns allowed in this table (row 36 has 1) checkRd: (-1) hnp.Rd:43-92: Only 2 columns allowed in this table (row 40 has 1) checkRd: (-1) hnp.Rd:43-92: Only 2 columns allowed in this table (row 42 has 1) checkRd: (-1) hnp.Rd:43-92: Only 2 columns allowed in this table (row 44 has 1) checkRd: (-1) hnp.Rd:43-92: Only 2 columns allowed in this table (row 46 has 1) checkRd: (-1) hnp.Rd:43-92: Only 2 columns allowed in this table (row 48 has 1) checkRd: (-1) hnp.Rd:43-92: Only 2 columns allowed in this table (row 49 has 1) checkRd: (-1) hnp.Rd:43-92: Only 2 columns allowed in this table (row 50 has 1) checkRd: (-1) hnp.Rd:43-92: Only 2 columns allowed in this table (row 52 has 1) checkRd: (-1) hnp.Rd:43-92: Only 2 columns allowed in this table (row 54 has 1) checkRd: (-1) wolbachia.Rd:15-21: Only 3 columns allowed in this table (row 1 has 2) checkRd: (-1) wolbachia.Rd:15-21: Only 3 columns allowed in this table (row 2 has 2) checkRd: (-1) wolbachia.Rd:15-21: Only 3 columns allowed in this table (row 3 has 2) checkRd: (-1) wolbachia.Rd:15-21: Only 3 columns allowed in this table (row 4 has 2) checkRd: (-1) wolbachia.Rd:15-21: Only 3 columns allowed in this table (row 5 has 2) Flavors: r-devel-linux-x86_64-debian-clang, r-devel-linux-x86_64-debian-gcc

Version: 1.2-7
Check: package dependencies
Result: NOTE Package suggested but not available for checking: ‘glmmADMB’ Flavors: r-oldrel-macos-arm64, r-oldrel-macos-x86_64, r-oldrel-windows-x86_64

These binaries (installable software) and packages are in development.
They may not be fully stable and should be used with caution. We make no claims about them.