Last updated on 2024-07-27 15:50:20 CEST.
Flavor | Version | Tinstall | Tcheck | Ttotal | Status | Flags |
---|---|---|---|---|---|---|
r-devel-linux-x86_64-debian-clang | 0.1.2-1 | 11.12 | 84.97 | 96.09 | OK | |
r-devel-linux-x86_64-debian-gcc | 0.1.2-1 | NOTE | ||||
r-devel-linux-x86_64-fedora-clang | 0.1.2-1 | 121.04 | OK | |||
r-devel-linux-x86_64-fedora-gcc | 0.1.2-1 | 113.02 | OK | |||
r-devel-windows-x86_64 | 0.1.2-1 | 13.00 | 86.00 | 99.00 | NOTE | |
r-patched-linux-x86_64 | 0.1.2-1 | OK | ||||
r-release-linux-x86_64 | 0.1.2-1 | 9.92 | 82.61 | 92.53 | OK | |
r-release-macos-arm64 | 0.1.2-1 | 34.00 | OK | |||
r-release-macos-x86_64 | 0.1.2-1 | 52.00 | OK | |||
r-release-windows-x86_64 | 0.1.2-1 | 11.00 | 87.00 | 98.00 | OK | |
r-oldrel-macos-arm64 | 0.1.2-1 | 36.00 | OK | |||
r-oldrel-macos-x86_64 | 0.1.2-1 | 60.00 | OK | |||
r-oldrel-windows-x86_64 | 0.1.2-1 | 12.00 | 103.00 | 115.00 | OK |
Version: 0.1.2-1
Check: Rd cross-references
Result: NOTE
Found the following Rd file(s) with Rd \link{} targets missing package
anchors:
holland-package.Rd: MplusAutomation
sim_score_data.Rd: rmvnorm
Please provide package anchors for all Rd \link{} targets not in the
package itself and the base packages.
Flavors: r-devel-linux-x86_64-debian-gcc, r-devel-windows-x86_64
These binaries (installable software) and packages are in development.
They may not be fully stable and should be used with caution. We make no claims about them.