Last updated on 2025-10-23 11:50:16 CEST.
Flavor | Version | Tinstall | Tcheck | Ttotal | Status | Flags |
---|---|---|---|---|---|---|
r-devel-linux-x86_64-debian-clang | 2.1.0 | 27.13 | 231.09 | 258.22 | NOTE | |
r-devel-linux-x86_64-debian-gcc | 2.1.0 | 16.39 | 147.04 | 163.43 | OK | |
r-devel-linux-x86_64-fedora-clang | 2.1.0 | 147.00 | 248.60 | 395.60 | OK | |
r-devel-linux-x86_64-fedora-gcc | 2.1.0 | 57.00 | 277.52 | 334.52 | OK | |
r-devel-windows-x86_64 | 2.1.0 | 27.00 | 257.00 | 284.00 | OK | |
r-patched-linux-x86_64 | 2.1.0 | 41.62 | 211.40 | 253.02 | OK | |
r-release-linux-x86_64 | 2.1.0 | 26.47 | 214.01 | 240.48 | OK | |
r-release-macos-arm64 | 2.1.0 | 11.00 | 73.00 | 84.00 | OK | |
r-release-macos-x86_64 | 2.1.0 | 28.00 | 164.00 | 192.00 | OK | |
r-release-windows-x86_64 | 2.1.0 | 30.00 | 257.00 | 287.00 | OK | |
r-oldrel-macos-arm64 | 2.1.0 | 6.00 | 45.00 | 51.00 | OK | |
r-oldrel-macos-x86_64 | 2.1.0 | 12.00 | 81.00 | 93.00 | OK | |
r-oldrel-windows-x86_64 | 2.1.0 | 38.00 | 309.00 | 347.00 | OK |
Version: 2.1.0
Check: HTML version of manual
Result: NOTE
Found the following HTML validation problems:
check_status.html:46:1 (check_status.Rd:10): Warning: missing </ul> before </div>
clean_team_names_NCAA_merge.html:46:1 (clean_team_names_NCAA_merge.Rd:10): Warning: missing </ul> before </div>
rejoin_schedules.html:46:1 (rejoin_schedules.Rd:10): Warning: missing </ul> before </div>
request_with_proxy.html:68:1 (request_with_proxy.Rd:24): Warning: missing </ul> before </div>
year_to_season.html:46:1 (year_to_season.Rd:10): Warning: missing </ul> before </div>
Flavor: r-devel-linux-x86_64-debian-clang
These binaries (installable software) and packages are in development.
They may not be fully stable and should be used with caution. We make no claims about them.