CRAN Package Check Results for Package hopit

Last updated on 2025-05-21 21:49:19 CEST.

Flavor Version Tinstall Tcheck Ttotal Status Flags
r-devel-linux-x86_64-debian-clang 0.11.6 37.69 108.78 146.47 OK
r-devel-linux-x86_64-debian-gcc 0.11.6 26.91 78.27 105.18 OK
r-devel-linux-x86_64-fedora-clang 0.11.6 236.67 OK
r-devel-linux-x86_64-fedora-gcc 0.11.6 249.48 OK
r-devel-windows-x86_64 0.11.6 38.00 149.00 187.00 OK
r-patched-linux-x86_64 0.11.6 31.19 103.50 134.69 OK
r-release-linux-x86_64 0.11.6 36.19 103.07 139.26 OK
r-release-macos-arm64 0.11.6 71.00 OK
r-release-macos-x86_64 0.11.6 144.00 OK
r-release-windows-x86_64 0.11.6 39.00 154.00 193.00 OK
r-oldrel-macos-arm64 0.11.6 72.00 NOTE
r-oldrel-macos-x86_64 0.11.6 112.00 NOTE
r-oldrel-windows-x86_64 0.11.6 44.00 169.00 213.00 OK

Check Details

Version: 0.11.6
Check: installed package size
Result: NOTE installed size is 10.3Mb sub-directories of 1Mb or more: libs 9.6Mb Flavors: r-oldrel-macos-arm64, r-oldrel-macos-x86_64

These binaries (installable software) and packages are in development.
They may not be fully stable and should be used with caution. We make no claims about them.