CRAN Package Check Results for Package hopit

Last updated on 2025-10-23 15:49:57 CEST.

Flavor Version Tinstall Tcheck Ttotal Status Flags
r-devel-linux-x86_64-debian-clang 0.11.6 35.86 108.81 144.67 OK
r-devel-linux-x86_64-debian-gcc 0.11.6 25.55 80.39 105.94 OK
r-devel-linux-x86_64-fedora-clang 0.11.6 137.00 111.79 248.79 OK
r-devel-linux-x86_64-fedora-gcc 0.11.6 177.00 79.05 256.05 OK
r-devel-windows-x86_64 0.11.6 36.00 137.00 173.00 OK
r-patched-linux-x86_64 0.11.6 35.13 105.45 140.58 OK
r-release-linux-x86_64 0.11.6 34.86 107.13 141.99 OK
r-release-macos-arm64 0.11.6 16.00 55.00 71.00 OK
r-release-macos-x86_64 0.11.6 30.00 114.00 144.00 OK
r-release-windows-x86_64 0.11.6 35.00 136.00 171.00 OK
r-oldrel-macos-arm64 0.11.6 17.00 55.00 72.00 NOTE
r-oldrel-macos-x86_64 0.11.6 24.00 88.00 112.00 NOTE
r-oldrel-windows-x86_64 0.11.6 45.00 173.00 218.00 OK

Check Details

Version: 0.11.6
Check: installed package size
Result: NOTE installed size is 10.3Mb sub-directories of 1Mb or more: libs 9.6Mb Flavors: r-oldrel-macos-arm64, r-oldrel-macos-x86_64

These binaries (installable software) and packages are in development.
They may not be fully stable and should be used with caution. We make no claims about them.