Last updated on 2025-02-16 08:50:49 CET.
Flavor | Version | Tinstall | Tcheck | Ttotal | Status | Flags |
---|---|---|---|---|---|---|
r-devel-linux-x86_64-debian-clang | 0.11.6 | 36.21 | 105.17 | 141.38 | OK | |
r-devel-linux-x86_64-debian-gcc | 0.11.6 | 25.83 | 75.61 | 101.44 | OK | |
r-devel-linux-x86_64-fedora-clang | 0.11.6 | 237.86 | OK | |||
r-devel-linux-x86_64-fedora-gcc | 0.11.6 | 248.62 | OK | |||
r-devel-macos-arm64 | 0.11.6 | 77.00 | OK | |||
r-devel-macos-x86_64 | 0.11.6 | 144.00 | OK | |||
r-devel-windows-x86_64 | 0.11.6 | 32.00 | 134.00 | 166.00 | OK | |
r-patched-linux-x86_64 | 0.11.6 | 30.49 | 102.27 | 132.76 | OK | |
r-release-linux-x86_64 | 0.11.6 | 34.98 | 100.15 | 135.13 | OK | |
r-release-macos-arm64 | 0.11.6 | 72.00 | NOTE | |||
r-release-macos-x86_64 | 0.11.6 | 112.00 | NOTE | |||
r-release-windows-x86_64 | 0.11.6 | 34.00 | 134.00 | 168.00 | OK | |
r-oldrel-macos-arm64 | 0.11.6 | 84.00 | NOTE | |||
r-oldrel-macos-x86_64 | 0.11.6 | 198.00 | NOTE | |||
r-oldrel-windows-x86_64 | 0.11.6 | 44.00 | 161.00 | 205.00 | OK |
Version: 0.11.6
Check: installed package size
Result: NOTE
installed size is 10.3Mb
sub-directories of 1Mb or more:
libs 9.6Mb
Flavors: r-release-macos-arm64, r-release-macos-x86_64, r-oldrel-macos-arm64, r-oldrel-macos-x86_64
These binaries (installable software) and packages are in development.
They may not be fully stable and should be used with caution. We make no claims about them.