CRAN Package Check Results for Package hopkins

Last updated on 2025-07-27 03:50:06 CEST.

Flavor Version Tinstall Tcheck Ttotal Status Flags
r-devel-linux-x86_64-debian-clang 1.1 1.71 26.74 28.45 NOTE
r-devel-linux-x86_64-debian-gcc 1.1 1.46 22.65 24.11 NOTE
r-devel-linux-x86_64-fedora-clang 1.1 44.77 OK
r-devel-linux-x86_64-fedora-gcc 1.1 54.49 OK
r-devel-windows-x86_64 1.1 4.00 49.00 53.00 OK
r-patched-linux-x86_64 1.1 1.82 26.63 28.45 OK
r-release-linux-x86_64 1.1 1.60 26.61 28.21 OK
r-release-macos-arm64 1.1 23.00 OK
r-release-macos-x86_64 1.1 40.00 OK
r-release-windows-x86_64 1.1 2.00 48.00 50.00 OK
r-oldrel-macos-arm64 1.1 23.00 OK
r-oldrel-macos-x86_64 1.1 34.00 OK
r-oldrel-windows-x86_64 1.1 4.00 53.00 57.00 OK

Check Details

Version: 1.1
Check: CRAN incoming feasibility
Result: NOTE Maintainer: ‘Kevin Wright <kw.stat@gmail.com>’ The BugReports field in DESCRIPTION has https://github.com/kwstat/hopkins/ which should likely be https://github.com/kwstat/hopkins/issues instead. Flavors: r-devel-linux-x86_64-debian-clang, r-devel-linux-x86_64-debian-gcc

These binaries (installable software) and packages are in development.
They may not be fully stable and should be used with caution. We make no claims about them.