Last updated on 2025-05-03 22:49:56 CEST.
Flavor | Version | Tinstall | Tcheck | Ttotal | Status | Flags |
---|---|---|---|---|---|---|
r-devel-linux-x86_64-debian-clang | 0.0.6 | 1.88 | 40.14 | 42.02 | OK | |
r-devel-linux-x86_64-debian-gcc | 0.0.6 | 2.09 | 31.97 | 34.06 | OK | |
r-devel-linux-x86_64-fedora-clang | 0.0.6 | 65.16 | NOTE | |||
r-devel-linux-x86_64-fedora-gcc | 0.0.6 | 67.02 | NOTE | |||
r-devel-windows-x86_64 | 0.0.6 | 4.00 | 70.00 | 74.00 | OK | |
r-patched-linux-x86_64 | 0.0.6 | 1.92 | 42.74 | 44.66 | OK | |
r-release-linux-x86_64 | OK | |||||
r-release-macos-arm64 | 0.0.6 | 33.00 | OK | |||
r-release-macos-x86_64 | 0.0.6 | 60.00 | OK | |||
r-release-windows-x86_64 | 0.0.6 | 4.00 | 64.00 | 68.00 | OK | |
r-oldrel-macos-arm64 | 0.0.6 | 24.00 | NOTE | |||
r-oldrel-macos-x86_64 | 0.0.6 | 37.00 | NOTE | |||
r-oldrel-windows-x86_64 | 0.0.6 | 5.00 | 74.00 | 79.00 | NOTE |
Version: 0.0.6
Check: dependencies in R code
Result: NOTE
Namespace in Imports field not imported from: ‘survival’
All declared Imports should be used.
Flavors: r-devel-linux-x86_64-fedora-clang, r-devel-linux-x86_64-fedora-gcc
Version: 0.0.6
Check: LazyData
Result: NOTE
'LazyData' is specified without a 'data' directory
Flavors: r-oldrel-macos-arm64, r-oldrel-macos-x86_64, r-oldrel-windows-x86_64
These binaries (installable software) and packages are in development.
They may not be fully stable and should be used with caution. We make no claims about them.