CRAN Package Check Results for Package horseshoenlm

Last updated on 2025-07-11 15:49:35 CEST.

Flavor Version Tinstall Tcheck Ttotal Status Flags
r-devel-linux-x86_64-debian-clang 0.0.6 1.96 41.25 43.21 OK
r-devel-linux-x86_64-debian-gcc 0.0.6 2.16 33.15 35.31 OK
r-devel-linux-x86_64-fedora-clang 0.0.6 62.71 NOTE
r-devel-linux-x86_64-fedora-gcc 0.0.6 63.77 NOTE
r-devel-windows-x86_64 0.0.6 4.00 60.00 64.00 OK
r-patched-linux-x86_64 0.0.6 2.82 43.27 46.09 OK
r-release-linux-x86_64 0.0.6 2.46 42.90 45.36 OK
r-release-macos-arm64 0.0.6 33.00 OK
r-release-macos-x86_64 0.0.6 60.00 OK
r-release-windows-x86_64 0.0.6 4.00 64.00 68.00 OK
r-oldrel-macos-arm64 0.0.6 24.00 NOTE
r-oldrel-macos-x86_64 0.0.6 37.00 NOTE
r-oldrel-windows-x86_64 0.0.6 5.00 73.00 78.00 NOTE

Check Details

Version: 0.0.6
Check: dependencies in R code
Result: NOTE Namespace in Imports field not imported from: ‘survival’ All declared Imports should be used. Flavors: r-devel-linux-x86_64-fedora-clang, r-devel-linux-x86_64-fedora-gcc

Version: 0.0.6
Check: LazyData
Result: NOTE 'LazyData' is specified without a 'data' directory Flavors: r-oldrel-macos-arm64, r-oldrel-macos-x86_64, r-oldrel-windows-x86_64

These binaries (installable software) and packages are in development.
They may not be fully stable and should be used with caution. We make no claims about them.