CRAN Package Check Results for Package hotspot

Last updated on 2025-10-09 21:50:19 CEST.

Flavor Version Tinstall Tcheck Ttotal Status Flags
r-devel-linux-x86_64-debian-clang 1.0 1.52 19.07 20.59 NOTE
r-devel-linux-x86_64-debian-gcc 1.0 1.19 15.94 17.13 NOTE
r-devel-linux-x86_64-fedora-clang 1.0 30.06 OK
r-devel-linux-x86_64-fedora-gcc 1.0 27.20 OK
r-devel-windows-x86_64 1.0 3.00 36.00 39.00 OK
r-patched-linux-x86_64 1.0 1.36 17.91 19.27 OK
r-release-linux-x86_64 1.0 1.42 17.98 19.40 OK
r-release-macos-arm64 1.0 14.00 OK
r-release-macos-x86_64 1.0 22.00 OK
r-release-windows-x86_64 1.0 2.00 38.00 40.00 OK
r-oldrel-macos-arm64 1.0 14.00 OK
r-oldrel-macos-x86_64 1.0 18.00 OK
r-oldrel-windows-x86_64 1.0 2.00 35.00 37.00 OK

Check Details

Version: 1.0
Check: CRAN incoming feasibility
Result: NOTE Maintainer: ‘Csaba Farago <farago@inf.u-szeged.hu>’ No Authors@R field in DESCRIPTION. Please add one, modifying Authors@R: person(given = "Csaba", family = "Farago", role = c("aut", "cre"), email = "farago@inf.u-szeged.hu") as necessary. Flavors: r-devel-linux-x86_64-debian-clang, r-devel-linux-x86_64-debian-gcc

These binaries (installable software) and packages are in development.
They may not be fully stable and should be used with caution. We make no claims about them.