Last updated on 2025-10-03 01:49:48 CEST.
Flavor | Version | Tinstall | Tcheck | Ttotal | Status | Flags |
---|---|---|---|---|---|---|
r-devel-linux-x86_64-debian-clang | 1.0.2 | 4.47 | 59.84 | 64.31 | NOTE | |
r-devel-linux-x86_64-debian-gcc | 1.0.2 | 4.40 | 45.64 | 50.04 | NOTE | |
r-devel-linux-x86_64-fedora-clang | 1.0.2 | 96.25 | OK | |||
r-devel-linux-x86_64-fedora-gcc | 1.0.2 | 112.00 | OK | |||
r-devel-windows-x86_64 | 1.0.2 | 6.00 | 75.00 | 81.00 | OK | |
r-patched-linux-x86_64 | 1.0.2 | 5.86 | 57.20 | 63.06 | OK | |
r-release-linux-x86_64 | 1.0.2 | 5.69 | 58.39 | 64.08 | OK | |
r-release-macos-arm64 | 1.0.2 | 47.00 | OK | |||
r-release-macos-x86_64 | 1.0.2 | 88.00 | OK | |||
r-release-windows-x86_64 | 1.0.2 | 7.00 | 68.00 | 75.00 | OK | |
r-oldrel-macos-arm64 | 1.0.2 | 38.00 | OK | |||
r-oldrel-macos-x86_64 | 1.0.2 | 59.00 | OK | |||
r-oldrel-windows-x86_64 | 1.0.2 | 9.00 | 84.00 | 93.00 | OK |
Version: 1.0.2
Check: CRAN incoming feasibility
Result: NOTE
Maintainer: ‘Alexandru Monahov <alexandru.monahov@proton.me>’
No Authors@R field in DESCRIPTION.
Please add one, modifying
Authors@R: person(given = "Alexandru",
family = "Monahov",
role = c("aut", "cre"),
email = "alexandru.monahov@proton.me")
as necessary.
Flavors: r-devel-linux-x86_64-debian-clang, r-devel-linux-x86_64-debian-gcc
These binaries (installable software) and packages are in development.
They may not be fully stable and should be used with caution. We make no claims about them.