Last updated on 2024-07-27 15:50:20 CEST.
Flavor | Version | Tinstall | Tcheck | Ttotal | Status | Flags |
---|---|---|---|---|---|---|
r-devel-linux-x86_64-debian-clang | 0.8.7 | 9.06 | 75.77 | 84.83 | OK | |
r-devel-linux-x86_64-debian-gcc | 0.8.7 | NOTE | ||||
r-devel-linux-x86_64-fedora-clang | 0.8.7 | 108.57 | NOTE | |||
r-devel-linux-x86_64-fedora-gcc | 0.8.7 | 99.86 | OK | |||
r-devel-windows-x86_64 | 0.8.7 | 10.00 | 77.00 | 87.00 | NOTE | |
r-patched-linux-x86_64 | 0.8.7 | OK | ||||
r-release-linux-x86_64 | 0.8.7 | 6.51 | 73.15 | 79.66 | OK | |
r-release-macos-arm64 | 0.8.7 | 32.00 | OK | |||
r-release-macos-x86_64 | 0.8.7 | 48.00 | OK | |||
r-release-windows-x86_64 | 0.8.7 | 9.00 | 78.00 | 87.00 | OK | |
r-oldrel-macos-arm64 | 0.8.7 | 37.00 | OK | |||
r-oldrel-macos-x86_64 | 0.8.7 | 61.00 | OK | |||
r-oldrel-windows-x86_64 | 0.8.7 | 13.00 | 92.00 | 105.00 | OK |
Version: 0.8.7
Check: Rd cross-references
Result: NOTE
Found the following Rd file(s) with Rd \link{} targets missing package
anchors:
scale_x_percent.Rd: guides
theme_ipsum.Rd: ggplot2
theme_ipsum_es.Rd: ggplot2
theme_ipsum_gs.Rd: ggplot2
theme_ipsum_inter.Rd: ggplot2
theme_ipsum_ps.Rd: ggplot2
theme_ipsum_pub.Rd: ggplot2
theme_ipsum_rc.Rd: ggplot2
Please provide package anchors for all Rd \link{} targets not in the
package itself and the base packages.
Flavors: r-devel-linux-x86_64-debian-gcc, r-devel-windows-x86_64
Version: 0.8.7
Check: Rd cross-references
Result: NOTE
Undeclared package ‘rlang’ in Rd xrefs
Flavor: r-devel-linux-x86_64-fedora-clang
These binaries (installable software) and packages are in development.
They may not be fully stable and should be used with caution. We make no claims about them.