Last updated on 2025-05-01 08:52:35 CEST.
Flavor | Version | Tinstall | Tcheck | Ttotal | Status | Flags |
---|---|---|---|---|---|---|
r-devel-linux-x86_64-debian-clang | 1.1.0 | 6.85 | 54.97 | 61.82 | NOTE | |
r-devel-linux-x86_64-debian-gcc | 1.1.0 | 5.88 | 41.11 | 46.99 | NOTE | |
r-devel-linux-x86_64-fedora-clang | 1.1.0 | 98.00 | NOTE | |||
r-devel-linux-x86_64-fedora-gcc | 1.1.0 | 91.38 | NOTE | |||
r-devel-windows-x86_64 | 1.1.0 | 10.00 | 72.00 | 82.00 | OK | |
r-patched-linux-x86_64 | 1.1.0 | 6.18 | 52.51 | 58.69 | OK | |
r-release-linux-x86_64 | OK | |||||
r-release-macos-arm64 | 1.1.0 | 34.00 | OK | |||
r-release-macos-x86_64 | 1.1.0 | 62.00 | OK | |||
r-release-windows-x86_64 | 1.1.0 | 11.00 | 71.00 | 82.00 | OK | |
r-oldrel-macos-arm64 | 1.1.0 | 28.00 | OK | |||
r-oldrel-macos-x86_64 | 1.1.0 | 42.00 | OK | |||
r-oldrel-windows-x86_64 | 1.1.0 | 12.00 | 78.00 | 90.00 | OK |
Version: 1.1.0
Check: CRAN incoming feasibility
Result: NOTE
Maintainer: ‘Shaobo Li <shaobo.li@ku.edu>’
The URL field contains the following bad parts:
GitHub:
The URL field should be a list of URLs separated by commas or
whitespace.
Flavors: r-devel-linux-x86_64-debian-clang, r-devel-linux-x86_64-debian-gcc
Version: 1.1.0
Check: dependencies in R code
Result: NOTE
Namespaces in Imports field not imported from:
‘Rcpp’ ‘quantreg’
All declared Imports should be used.
Flavors: r-devel-linux-x86_64-fedora-clang, r-devel-linux-x86_64-fedora-gcc
These binaries (installable software) and packages are in development.
They may not be fully stable and should be used with caution. We make no claims about them.