Last updated on 2025-10-24 21:50:08 CEST.
| Flavor | Version | Tinstall | Tcheck | Ttotal | Status | Flags |
|---|---|---|---|---|---|---|
| r-devel-linux-x86_64-debian-clang | 1.0.2 | 27.95 | 31.62 | 59.57 | OK | |
| r-devel-linux-x86_64-debian-gcc | 1.0.2 | 19.81 | 26.15 | 45.96 | OK | |
| r-devel-linux-x86_64-fedora-clang | 1.0.2 | 87.00 | 19.96 | 106.96 | OK | |
| r-devel-linux-x86_64-fedora-gcc | 1.0.2 | 72.00 | 22.37 | 94.37 | OK | |
| r-devel-windows-x86_64 | 1.0.2 | 32.00 | 68.00 | 100.00 | OK | |
| r-patched-linux-x86_64 | 1.0.2 | 30.22 | 32.25 | 62.47 | OK | |
| r-release-linux-x86_64 | 1.0.2 | 27.58 | 32.25 | 59.83 | OK | |
| r-release-macos-arm64 | 1.0.2 | 16.00 | 27.00 | 43.00 | OK | |
| r-release-macos-x86_64 | 1.0.2 | 21.00 | 28.00 | 49.00 | OK | |
| r-release-windows-x86_64 | 1.0.2 | 33.00 | 68.00 | 101.00 | OK | |
| r-oldrel-macos-arm64 | 1.0.2 | 16.00 | 25.00 | 41.00 | NOTE | |
| r-oldrel-macos-x86_64 | 1.0.2 | 16.00 | 30.00 | 46.00 | NOTE | |
| r-oldrel-windows-x86_64 | 1.0.2 | 40.00 | 83.00 | 123.00 | OK |
Version: 1.0.2
Check: installed package size
Result: NOTE
installed size is 5.3Mb
sub-directories of 1Mb or more:
libs 5.2Mb
Flavors: r-oldrel-macos-arm64, r-oldrel-macos-x86_64
These binaries (installable software) and packages are in development.
They may not be fully stable and should be used with caution. We make no claims about them.