Last updated on 2025-05-01 14:49:12 CEST.
Flavor | Version | Tinstall | Tcheck | Ttotal | Status | Flags |
---|---|---|---|---|---|---|
r-devel-linux-x86_64-debian-clang | 2.2.2 | 1.81 | 18.13 | 19.94 | NOTE | |
r-devel-linux-x86_64-debian-gcc | 2.2.2 | 1.54 | 15.32 | 16.86 | NOTE | |
r-devel-linux-x86_64-fedora-clang | 2.2.2 | 31.15 | OK | |||
r-devel-linux-x86_64-fedora-gcc | 2.2.2 | 30.48 | OK | |||
r-devel-windows-x86_64 | 2.2.2 | 3.00 | 42.00 | 45.00 | OK | |
r-patched-linux-x86_64 | 2.2.2 | 1.98 | 17.73 | 19.71 | OK | |
r-release-linux-x86_64 | OK | |||||
r-release-macos-arm64 | 2.2.2 | 17.00 | OK | |||
r-release-macos-x86_64 | 2.2.2 | 24.00 | OK | |||
r-release-windows-x86_64 | 2.2.2 | 3.00 | 44.00 | 47.00 | OK | |
r-oldrel-macos-arm64 | 2.2.2 | 15.00 | OK | |||
r-oldrel-macos-x86_64 | 2.2.2 | 23.00 | OK | |||
r-oldrel-windows-x86_64 | 2.2.2 | 3.00 | 42.00 | 45.00 | OK |
Version: 2.2.2
Check: CRAN incoming feasibility
Result: NOTE
Maintainer: ‘Sangchul Park <mail@sangchul.com>’
No Authors@R field in DESCRIPTION.
Please add one, modifying
Authors@R: person(given = "Sangchul",
family = "Park",
role = c("aut", "cre"),
email = "mail@sangchul.com")
as necessary.
Flavors: r-devel-linux-x86_64-debian-clang, r-devel-linux-x86_64-debian-gcc
These binaries (installable software) and packages are in development.
They may not be fully stable and should be used with caution. We make no claims about them.