Last updated on 2025-10-24 21:50:08 CEST.
| Flavor | Version | Tinstall | Tcheck | Ttotal | Status | Flags |
|---|---|---|---|---|---|---|
| r-devel-linux-x86_64-debian-clang | 0.1.0 | 4.02 | 34.12 | 38.14 | OK | |
| r-devel-linux-x86_64-debian-gcc | 0.1.0 | 3.26 | 26.94 | 30.20 | OK | |
| r-devel-linux-x86_64-fedora-clang | 0.1.0 | 56.97 | OK | |||
| r-devel-linux-x86_64-fedora-gcc | 0.1.0 | 51.94 | OK | |||
| r-devel-windows-x86_64 | 0.1.0 | 6.00 | 48.00 | 54.00 | OK | |
| r-patched-linux-x86_64 | 0.1.0 | 3.88 | 32.57 | 36.45 | OK | |
| r-release-linux-x86_64 | 0.1.0 | 3.85 | 32.48 | 36.33 | OK | |
| r-release-macos-arm64 | 0.1.0 | 2.00 | 21.00 | 23.00 | OK | |
| r-release-macos-x86_64 | 0.1.0 | 4.00 | 31.00 | 35.00 | OK | |
| r-release-windows-x86_64 | 0.1.0 | 7.00 | 51.00 | 58.00 | OK | |
| r-oldrel-macos-arm64 | 0.1.0 | 2.00 | 20.00 | 22.00 | NOTE | |
| r-oldrel-macos-x86_64 | 0.1.0 | 3.00 | 29.00 | 32.00 | NOTE | |
| r-oldrel-windows-x86_64 | 0.1.0 | 8.00 | 59.00 | 67.00 | NOTE |
Version: 0.1.0
Check: LazyData
Result: NOTE
'LazyData' is specified without a 'data' directory
Flavors: r-oldrel-macos-arm64, r-oldrel-macos-x86_64, r-oldrel-windows-x86_64
These binaries (installable software) and packages are in development.
They may not be fully stable and should be used with caution. We make no claims about them.