Last updated on 2024-07-27 15:50:20 CEST.
Flavor | Version | Tinstall | Tcheck | Ttotal | Status | Flags |
---|---|---|---|---|---|---|
r-devel-linux-x86_64-debian-clang | 6.0.2 | 32.39 | 144.81 | 177.20 | WARN | |
r-devel-linux-x86_64-debian-gcc | 6.0.2 | WARN | ||||
r-devel-linux-x86_64-fedora-clang | 6.0.2 | 237.13 | WARN | |||
r-devel-linux-x86_64-fedora-gcc | 6.0.2 | 234.96 | WARN | |||
r-devel-windows-x86_64 | 6.0.2 | 34.00 | 159.00 | 193.00 | WARN | |
r-patched-linux-x86_64 | 6.0.2 | WARN | ||||
r-release-linux-x86_64 | 6.0.2 | 22.41 | 138.62 | 161.03 | WARN | |
r-release-macos-arm64 | 6.0.2 | 62.00 | OK | |||
r-release-macos-x86_64 | 6.0.2 | 127.00 | OK | |||
r-release-windows-x86_64 | 6.0.2 | 34.00 | 156.00 | 190.00 | WARN | |
r-oldrel-macos-arm64 | 6.0.2 | 76.00 | OK | |||
r-oldrel-macos-x86_64 | 6.0.2 | 117.00 | OK | |||
r-oldrel-windows-x86_64 | 6.0.2 | 39.00 | 181.00 | 220.00 | WARN |
Version: 6.0.2
Check: whether package can be installed
Result: WARN
Found the following significant warnings:
Warning: replacing previous import ‘Matrix::det’ by ‘SparseM::det’ when loading ‘hts’
See ‘/home/hornik/tmp/R.check/r-devel-clang/Work/PKGS/hts.Rcheck/00install.out’ for details.
* used C++ compiler: ‘Debian clang version 18.1.8 (3)’
Flavor: r-devel-linux-x86_64-debian-clang
Version: 6.0.2
Check: whether package can be installed
Result: WARN
Found the following significant warnings:
Warning: replacing previous import ‘Matrix::det’ by ‘SparseM::det’ when loading ‘hts’
See ‘/home/hornik/tmp/R.check/r-devel-gcc/Work/PKGS/hts.Rcheck/00install.out’ for details.
* used C++ compiler: ‘g++-13 (Debian 13.3.0-3) 13.3.0’
Flavor: r-devel-linux-x86_64-debian-gcc
Version: 6.0.2
Check: whether package can be installed
Result: WARN
Found the following significant warnings:
Warning: replacing previous import ‘Matrix::det’ by ‘SparseM::det’ when loading ‘hts’
See ‘/data/gannet/ripley/R/packages/tests-clang/hts.Rcheck/00install.out’ for details.
* used C++ compiler: ‘clang version 18.1.8’
Flavor: r-devel-linux-x86_64-fedora-clang
Version: 6.0.2
Check: whether package can be installed
Result: WARN
Found the following significant warnings:
Warning: replacing previous import ‘Matrix::det’ by ‘SparseM::det’ when loading ‘hts’
See ‘/data/gannet/ripley/R/packages/tests-devel/hts.Rcheck/00install.out’ for details.
* used C++ compiler: ‘g++-14 (GCC) 14.1.0’
Flavor: r-devel-linux-x86_64-fedora-gcc
Version: 6.0.2
Check: whether package can be installed
Result: WARN
Found the following significant warnings:
Warning: replacing previous import 'Matrix::det' by 'SparseM::det' when loading 'hts'
See 'd:/Rcompile/CRANpkg/local/4.5/hts.Rcheck/00install.out' for details.
* used C++ compiler: 'g++.exe (GCC) 13.2.0'
Flavor: r-devel-windows-x86_64
Version: 6.0.2
Check: whether package can be installed
Result: WARN
Found the following significant warnings:
Warning: replacing previous import ‘Matrix::det’ by ‘SparseM::det’ when loading ‘hts’
See ‘/home/hornik/tmp/R.check/r-patched-gcc/Work/PKGS/hts.Rcheck/00install.out’ for details.
* used C++ compiler: ‘g++-13 (Debian 13.3.0-3) 13.3.0’
Flavor: r-patched-linux-x86_64
Version: 6.0.2
Check: whether package can be installed
Result: WARN
Found the following significant warnings:
Warning: replacing previous import ‘Matrix::det’ by ‘SparseM::det’ when loading ‘hts’
See ‘/home/hornik/tmp/R.check/r-release-gcc/Work/PKGS/hts.Rcheck/00install.out’ for details.
* used C++ compiler: ‘g++-13 (Debian 13.3.0-1) 13.3.0’
Flavor: r-release-linux-x86_64
Version: 6.0.2
Check: whether package can be installed
Result: WARN
Found the following significant warnings:
Warning: replacing previous import 'Matrix::det' by 'SparseM::det' when loading 'hts'
See 'd:/Rcompile/CRANpkg/local/4.4/hts.Rcheck/00install.out' for details.
* used C++ compiler: 'g++.exe (GCC) 13.2.0'
Flavor: r-release-windows-x86_64
Version: 6.0.2
Check: whether package can be installed
Result: WARN
Found the following significant warnings:
Warning: replacing previous import 'Matrix::det' by 'SparseM::det' when loading 'hts'
See 'd:/Rcompile/CRANpkg/local/4.3/hts.Rcheck/00install.out' for details.
* used C++ compiler: 'g++.exe (GCC) 12.3.0'
Flavor: r-oldrel-windows-x86_64
These binaries (installable software) and packages are in development.
They may not be fully stable and should be used with caution. We make no claims about them.