Last updated on 2025-10-23 11:50:16 CEST.
Flavor | Version | Tinstall | Tcheck | Ttotal | Status | Flags |
---|---|---|---|---|---|---|
r-devel-linux-x86_64-debian-clang | 6.0.3 | 30.95 | 121.27 | 152.22 | NOTE | |
r-devel-linux-x86_64-debian-gcc | 6.0.3 | 20.24 | 86.01 | 106.25 | OK | |
r-devel-linux-x86_64-fedora-clang | 6.0.3 | 86.00 | 157.75 | 243.75 | OK | |
r-devel-linux-x86_64-fedora-gcc | 6.0.3 | 54.00 | 160.64 | 214.64 | OK | |
r-devel-windows-x86_64 | 6.0.3 | 35.00 | 134.00 | 169.00 | OK | |
r-patched-linux-x86_64 | 6.0.3 | 27.55 | 112.38 | 139.93 | OK | |
r-release-linux-x86_64 | 6.0.3 | 27.08 | 114.27 | 141.35 | OK | |
r-release-macos-arm64 | 6.0.3 | 14.00 | 63.00 | 77.00 | OK | |
r-release-macos-x86_64 | 6.0.3 | 22.00 | 110.00 | 132.00 | OK | |
r-release-windows-x86_64 | 6.0.3 | 35.00 | 133.00 | 168.00 | OK | |
r-oldrel-macos-arm64 | 6.0.3 | 13.00 | 42.00 | 55.00 | OK | |
r-oldrel-macos-x86_64 | 6.0.3 | 36.00 | 120.00 | 156.00 | OK | |
r-oldrel-windows-x86_64 | 6.0.3 | 43.00 | 172.00 | 215.00 | OK |
Version: 6.0.3
Check: HTML version of manual
Result: NOTE
Found the following HTML validation problems:
helper-functions.html:49:1 (helper-functions.Rd:14): Warning: missing </ul> before </div>
Flavor: r-devel-linux-x86_64-debian-clang
These binaries (installable software) and packages are in development.
They may not be fully stable and should be used with caution. We make no claims about them.