Last updated on 2025-02-14 08:50:02 CET.
Flavor | Version | Tinstall | Tcheck | Ttotal | Status | Flags |
---|---|---|---|---|---|---|
r-devel-linux-x86_64-debian-clang | 2.0.2 | 44.67 | 42.75 | 87.42 | NOTE | |
r-devel-linux-x86_64-debian-gcc | 2.0.2 | 35.95 | 33.73 | 69.68 | NOTE | |
r-devel-linux-x86_64-fedora-clang | 2.0.2 | 157.42 | NOTE | |||
r-devel-linux-x86_64-fedora-gcc | 2.0.2 | 181.28 | NOTE | |||
r-devel-windows-x86_64 | 2.0.2 | 61.00 | 90.00 | 151.00 | NOTE | |
r-patched-linux-x86_64 | 2.0.2 | 47.63 | 39.64 | 87.27 | NOTE | |
r-release-linux-x86_64 | 2.0.2 | 49.60 | 40.82 | 90.42 | NOTE | |
r-release-macos-arm64 | 2.0.2 | 78.00 | NOTE | |||
r-release-macos-x86_64 | 2.0.2 | 163.00 | NOTE | |||
r-release-windows-x86_64 | 2.0.2 | 61.00 | 90.00 | 151.00 | NOTE | |
r-oldrel-macos-arm64 | 2.0.2 | 85.00 | NOTE | |||
r-oldrel-macos-x86_64 | 2.0.2 | 140.00 | NOTE | |||
r-oldrel-windows-x86_64 | 2.0.2 | 75.00 | 100.00 | 175.00 | NOTE |
Version: 2.0.2
Check: C++ specification
Result: NOTE
Specified C++14: please drop specification unless essential
Flavors: r-devel-linux-x86_64-debian-clang, r-devel-linux-x86_64-debian-gcc, r-devel-linux-x86_64-fedora-clang, r-devel-linux-x86_64-fedora-gcc, r-devel-windows-x86_64, r-patched-linux-x86_64, r-release-linux-x86_64, r-release-macos-arm64, r-release-macos-x86_64, r-release-windows-x86_64, r-oldrel-macos-arm64, r-oldrel-macos-x86_64, r-oldrel-windows-x86_64
Version: 2.0.2
Check: installed package size
Result: NOTE
installed size is 10.0Mb
sub-directories of 1Mb or more:
libs 9.4Mb
Flavors: r-release-macos-arm64, r-release-macos-x86_64, r-oldrel-macos-arm64, r-oldrel-macos-x86_64
These binaries (installable software) and packages are in development.
They may not be fully stable and should be used with caution. We make no claims about them.