Last updated on 2025-05-08 04:52:07 CEST.
Flavor | Version | Tinstall | Tcheck | Ttotal | Status | Flags |
---|---|---|---|---|---|---|
r-devel-linux-x86_64-debian-clang | 0.2.0 | 3.50 | 32.04 | 35.54 | NOTE | |
r-devel-linux-x86_64-debian-gcc | 0.2.0 | 2.59 | 25.56 | 28.15 | NOTE | |
r-devel-linux-x86_64-fedora-clang | 0.2.0 | 53.60 | OK | |||
r-devel-linux-x86_64-fedora-gcc | 0.2.0 | 51.63 | OK | |||
r-devel-windows-x86_64 | 0.2.0 | 5.00 | 54.00 | 59.00 | OK | |
r-patched-linux-x86_64 | 0.2.0 | 3.14 | 29.73 | 32.87 | OK | |
r-release-linux-x86_64 | 0.2.0 | 3.28 | 29.63 | 32.91 | OK | |
r-release-macos-arm64 | 0.2.0 | 24.00 | OK | |||
r-release-macos-x86_64 | 0.2.0 | 38.00 | OK | |||
r-release-windows-x86_64 | 0.2.0 | 6.00 | 56.00 | 62.00 | OK | |
r-oldrel-macos-arm64 | 0.2.0 | 22.00 | OK | |||
r-oldrel-macos-x86_64 | 0.2.0 | 30.00 | OK | |||
r-oldrel-windows-x86_64 | 0.2.0 | 5.00 | 59.00 | 64.00 | OK |
Version: 0.2.0
Check: CRAN incoming feasibility
Result: NOTE
Maintainer: ‘Scott Chamberlain <myrmecocystus@gmail.com>’
Found the following (possibly) invalid file URI:
URI: CODE_OF_CONDUCT.md
From: README.md
Flavors: r-devel-linux-x86_64-debian-clang, r-devel-linux-x86_64-debian-gcc
These binaries (installable software) and packages are in development.
They may not be fully stable and should be used with caution. We make no claims about them.