CRAN Package Check Results for Package httptest

Last updated on 2025-10-23 17:50:50 CEST.

Flavor Version Tinstall Tcheck Ttotal Status Flags
r-devel-linux-x86_64-debian-clang 4.2.2 3.05 57.01 60.06 NOTE
r-devel-linux-x86_64-debian-gcc 4.2.2 2.64 43.83 46.47 OK
r-devel-linux-x86_64-fedora-clang 4.2.2 10.00 83.40 93.40 OK
r-devel-linux-x86_64-fedora-gcc 4.2.2 100.01 OK
r-devel-windows-x86_64 4.2.2 6.00 79.00 85.00 OK
r-patched-linux-x86_64 4.2.2 4.23 53.37 57.60 OK
r-release-linux-x86_64 4.2.2 3.39 53.45 56.84 OK
r-release-macos-arm64 4.2.2 2.00 43.00 45.00 OK
r-release-macos-x86_64 4.2.2 3.00 71.00 74.00 OK
r-release-windows-x86_64 4.2.2 6.00 80.00 86.00 OK
r-oldrel-macos-arm64 4.2.2 2.00 44.00 46.00 OK
r-oldrel-macos-x86_64 4.2.2 2.00 57.00 59.00 OK
r-oldrel-windows-x86_64 4.2.2 7.00 96.00 103.00 OK

Check Details

Version: 4.2.2
Check: HTML version of manual
Result: NOTE Found the following HTML validation problems: with_mock_dir.html:68:1 (with_mock_dir.Rd:21): Warning: missing </ul> before </div> Flavor: r-devel-linux-x86_64-debian-clang

These binaries (installable software) and packages are in development.
They may not be fully stable and should be used with caution. We make no claims about them.