Last updated on 2025-02-07 08:51:24 CET.
Flavor | Version | Tinstall | Tcheck | Ttotal | Status | Flags |
---|---|---|---|---|---|---|
r-devel-linux-x86_64-debian-clang | 1.6.15 | 92.01 | 38.07 | 130.08 | NOTE | |
r-devel-linux-x86_64-debian-gcc | 1.6.15 | 66.91 | 29.79 | 96.70 | NOTE | |
r-devel-linux-x86_64-fedora-clang | 1.6.15 | 265.86 | OK | |||
r-devel-linux-x86_64-fedora-gcc | 1.6.15 | 262.08 | OK | |||
r-devel-windows-x86_64 | 1.6.15 | 159.00 | 85.00 | 244.00 | OK | |
r-patched-linux-x86_64 | 1.6.15 | 93.56 | 35.00 | 128.56 | NOTE | |
r-release-linux-x86_64 | 1.6.15 | 93.57 | 35.06 | 128.63 | NOTE | |
r-release-macos-arm64 | 1.6.15 | 137.00 | NOTE | |||
r-release-macos-x86_64 | 1.6.15 | 160.00 | NOTE | |||
r-release-windows-x86_64 | 1.6.15 | 157.00 | 79.00 | 236.00 | NOTE | |
r-oldrel-macos-arm64 | 1.6.15 | 144.00 | NOTE | |||
r-oldrel-macos-x86_64 | 1.6.15 | 179.00 | NOTE | |||
r-oldrel-windows-x86_64 | 1.6.15 | 181.00 | 99.00 | 280.00 | NOTE |
Version: 1.6.15
Check: for unstated dependencies in ‘demo’
Result: NOTE
'library' or 'require' call not declared from: ‘jsonlite’
Flavors: r-devel-linux-x86_64-debian-clang, r-devel-linux-x86_64-debian-gcc
Version: 1.6.15
Check: for GNU extensions in Makefiles
Result: NOTE
GNU make is a SystemRequirements.
Flavors: r-patched-linux-x86_64, r-release-linux-x86_64, r-release-macos-arm64, r-release-macos-x86_64, r-release-windows-x86_64, r-oldrel-macos-arm64, r-oldrel-macos-x86_64, r-oldrel-windows-x86_64
Version: 1.6.15
Check: installed package size
Result: NOTE
installed size is 9.0Mb
sub-directories of 1Mb or more:
libs 8.6Mb
Flavors: r-release-macos-arm64, r-release-macos-x86_64, r-oldrel-macos-arm64, r-oldrel-macos-x86_64
These binaries (installable software) and packages are in development.
They may not be fully stable and should be used with caution. We make no claims about them.