Last updated on 2025-10-23 07:49:48 CEST.
Flavor | Version | Tinstall | Tcheck | Ttotal | Status | Flags |
---|---|---|---|---|---|---|
r-devel-linux-x86_64-debian-clang | 1.6.16 | 86.08 | 39.74 | 125.82 | NOTE | |
r-devel-linux-x86_64-debian-gcc | 1.6.16 | 62.90 | 34.08 | 96.98 | OK | |
r-devel-linux-x86_64-fedora-clang | 1.6.16 | 660.00 | -371.88 | 288.12 | OK | |
r-devel-linux-x86_64-fedora-gcc | 1.6.16 | 720.00 | -448.93 | 271.07 | OK | |
r-devel-windows-x86_64 | 1.6.16 | 172.00 | 78.00 | 250.00 | OK | |
r-patched-linux-x86_64 | 1.6.16 | 96.11 | 36.43 | 132.54 | OK | |
r-release-linux-x86_64 | 1.6.16 | 93.66 | 37.23 | 130.89 | OK | |
r-release-macos-arm64 | 1.6.16 | 105.00 | 22.00 | 127.00 | OK | |
r-release-macos-x86_64 | 1.6.16 | 106.00 | 36.00 | 142.00 | OK | |
r-release-windows-x86_64 | 1.6.16 | 181.00 | 82.00 | 263.00 | OK | |
r-oldrel-macos-arm64 | 1.6.16 | 110.00 | 30.00 | 140.00 | NOTE | |
r-oldrel-macos-x86_64 | 1.6.16 | 109.00 | 40.00 | 149.00 | NOTE | |
r-oldrel-windows-x86_64 | 1.6.16 | 201.00 | 99.00 | 300.00 | NOTE |
Version: 1.6.16
Check: HTML version of manual
Result: NOTE
Found the following HTML validation problems:
PipeServer.html:84:1 (PipeServer.Rd:56): Warning: <h3> anchor "Methods" already defined
PipeServer.html:139:1 (PipeServer.Rd:90): Warning: <h5> anchor "Usage" already defined
PipeServer.html:153:1 (PipeServer.Rd:99): Warning: <h5> anchor "Usage" already defined
Server.html:66:1 (Server.Rd:44): Warning: <h3> anchor "Methods" already defined
Server.html:120:1 (Server.Rd:69): Warning: <h5> anchor "Usage" already defined
Server.html:134:1 (Server.Rd:78): Warning: <h5> anchor "Usage" already defined
Server.html:148:1 (Server.Rd:87): Warning: <h5> anchor "Usage" already defined
Server.html:162:1 (Server.Rd:96): Warning: <h5> anchor "Usage" already defined
Server.html:176:1 (Server.Rd:105): Warning: <h5> anchor "Usage" already defined
Server.html:190:1 (Server.Rd:114): Warning: <h5> anchor "Usage" already defined
WebServer.html:84:1 (WebServer.Rd:56): Warning: <h3> anchor "Methods" already defined
WebServer.html:139:1 (WebServer.Rd:90): Warning: <h5> anchor "Usage" already defined
WebServer.html:153:1 (WebServer.Rd:99): Warning: <h5> anchor "Usage" already defined
WebSocket.html:86:1 (WebSocket.Rd:84): Warning: <h3> anchor "Methods" already defined
WebSocket.html:137:1 (WebSocket.Rd:108): Warning: <h5> anchor "Usage" already defined
WebSocket.html:151:1 (WebSocket.Rd:117): Warning: <h5> anchor "Usage" already defined
WebSocket.html:165:1 (WebSocket.Rd:126): Warning: <h5> anchor "Usage" already defined
WebSocket.html:179:1 (WebSocket.Rd:135): Warning: <h5> anchor "Usage" already defined
WebSocket.html:195:1 (WebSocket.Rd:145): Warning: <h5> anchor "Usage" already defined
startDaemonizedServer.html:66:1 (startDaemonizedServer.Rd:20): Warning: missing </ul> before </div>
staticPathOptions.html:91:1 (staticPathOptions.Rd:45): Warning: missing </ul> before </div>
stopDaemonizedServer.html:48:1 (stopDaemonizedServer.Rd:11): Warning: missing </ul> before </div>
Flavor: r-devel-linux-x86_64-debian-clang
Version: 1.6.16
Check: installed package size
Result: NOTE
installed size is 9.7Mb
sub-directories of 1Mb or more:
libs 9.3Mb
Flavors: r-oldrel-macos-arm64, r-oldrel-macos-x86_64
Version: 1.6.16
Check: for GNU extensions in Makefiles
Result: NOTE
GNU make is a SystemRequirements.
Flavors: r-oldrel-macos-arm64, r-oldrel-macos-x86_64, r-oldrel-windows-x86_64
These binaries (installable software) and packages are in development.
They may not be fully stable and should be used with caution. We make no claims about them.