CRAN Package Check Results for Package hubEnsembles

Last updated on 2025-10-23 15:49:57 CEST.

Flavor Version Tinstall Tcheck Ttotal Status Flags
r-devel-linux-x86_64-debian-clang 1.0.0 2.95 40.27 43.22 NOTE
r-devel-linux-x86_64-debian-gcc 1.0.0 2.06 31.17 33.23 OK
r-devel-linux-x86_64-fedora-clang 1.0.0 67.53 OK
r-devel-linux-x86_64-fedora-gcc 1.0.0 60.81 OK
r-devel-windows-x86_64 1.0.0 4.00 56.00 60.00 OK
r-patched-linux-x86_64 1.0.0 3.12 37.22 40.34 OK
r-release-linux-x86_64 1.0.0 2.97 37.24 40.21 OK
r-release-macos-arm64 1.0.0 2.00 24.00 26.00 OK
r-release-macos-x86_64 1.0.0 5.00 51.00 56.00 OK
r-release-windows-x86_64 1.0.0 5.00 56.00 61.00 OK
r-oldrel-macos-arm64 1.0.0 2.00 32.00 34.00 NOTE
r-oldrel-macos-x86_64 1.0.0 2.00 41.00 43.00 NOTE
r-oldrel-windows-x86_64 1.0.0 7.00 67.00 74.00 NOTE

Check Details

Version: 1.0.0
Check: HTML version of manual
Result: NOTE Found the following HTML validation problems: component_outputs.html:64:1 (component_outputs.Rd:18): Warning: missing </ul> before </div> fweights.html:58:1 (fweights.Rd:16): Warning: missing </ul> before </div> model_outputs.html:68:1 (model_outputs.Rd:21): Warning: missing </ul> before </div> weights.html:58:1 (weights.Rd:16): Warning: missing </ul> before </div> Flavor: r-devel-linux-x86_64-debian-clang

Version: 1.0.0
Check: package dependencies
Result: NOTE Packages suggested but not available for checking: 'hubExamples', 'hubVis' Flavors: r-oldrel-macos-arm64, r-oldrel-macos-x86_64, r-oldrel-windows-x86_64

These binaries (installable software) and packages are in development.
They may not be fully stable and should be used with caution. We make no claims about them.