CRAN Package Check Results for Package hubEnsembles

Last updated on 2025-07-25 01:49:29 CEST.

Flavor Version Tinstall Tcheck Ttotal Status Flags
r-devel-linux-x86_64-debian-clang 1.0.0 2.94 38.79 41.73 OK
r-devel-linux-x86_64-debian-gcc 1.0.0 2.10 29.34 31.44 OK
r-devel-linux-x86_64-fedora-clang 1.0.0 62.42 OK
r-devel-linux-x86_64-fedora-gcc 1.0.0 61.85 OK
r-devel-windows-x86_64 1.0.0 5.00 55.00 60.00 OK
r-patched-linux-x86_64 1.0.0 3.27 36.02 39.29 OK
r-release-linux-x86_64 1.0.0 2.88 35.43 38.31 OK
r-release-macos-arm64 1.0.0 26.00 OK
r-release-macos-x86_64 1.0.0 56.00 OK
r-release-windows-x86_64 1.0.0 4.00 55.00 59.00 OK
r-oldrel-macos-arm64 1.0.0 34.00 NOTE
r-oldrel-macos-x86_64 1.0.0 43.00 NOTE
r-oldrel-windows-x86_64 1.0.0 6.00 66.00 72.00 NOTE

Check Details

Version: 1.0.0
Check: package dependencies
Result: NOTE Packages suggested but not available for checking: 'hubExamples', 'hubVis' Flavors: r-oldrel-macos-arm64, r-oldrel-macos-x86_64, r-oldrel-windows-x86_64

These binaries (installable software) and packages are in development.
They may not be fully stable and should be used with caution. We make no claims about them.