CRAN Package Check Results for Package hudr

Last updated on 2025-07-26 00:49:06 CEST.

Flavor Version Tinstall Tcheck Ttotal Status Flags
r-devel-linux-x86_64-debian-clang 1.2.0 4.57 34.08 38.65 NOTE
r-devel-linux-x86_64-debian-gcc 1.2.0 3.54 25.57 29.11 NOTE
r-devel-linux-x86_64-fedora-clang 1.2.0 57.80 OK
r-devel-linux-x86_64-fedora-gcc 1.2.0 52.31 OK
r-devel-windows-x86_64 1.2.0 5.00 59.00 64.00 OK
r-patched-linux-x86_64 1.2.0 4.67 31.92 36.59 OK
r-release-linux-x86_64 1.2.0 4.01 31.69 35.70 OK
r-release-macos-arm64 1.2.0 21.00 OK
r-release-macos-x86_64 1.2.0 50.00 OK
r-release-windows-x86_64 1.2.0 7.00 51.00 58.00 OK
r-oldrel-macos-arm64 1.2.0 22.00 OK
r-oldrel-macos-x86_64 1.2.0 33.00 OK
r-oldrel-windows-x86_64 1.2.0 7.00 62.00 69.00 OK

Check Details

Version: 1.2.0
Check: CRAN incoming feasibility
Result: NOTE Maintainer: ‘Paul Richardson <p.richardson.54391@gmail.com>’ No Authors@R field in DESCRIPTION. Please add one, modifying Authors@R: person(given = "Paul", family = "Richardson", role = c("aut", "cre"), email = "p.richardson.54391@gmail.com") as necessary. Flavors: r-devel-linux-x86_64-debian-clang, r-devel-linux-x86_64-debian-gcc

These binaries (installable software) and packages are in development.
They may not be fully stable and should be used with caution. We make no claims about them.