Last updated on 2025-05-01 15:49:33 CEST.
Flavor | Version | Tinstall | Tcheck | Ttotal | Status | Flags |
---|---|---|---|---|---|---|
r-devel-linux-x86_64-debian-clang | 1.2.0 | 4.93 | 34.99 | 39.92 | NOTE | |
r-devel-linux-x86_64-debian-gcc | 1.2.0 | 3.26 | 26.20 | 29.46 | NOTE | |
r-devel-linux-x86_64-fedora-clang | 1.2.0 | 59.53 | OK | |||
r-devel-linux-x86_64-fedora-gcc | 1.2.0 | 56.90 | OK | |||
r-devel-windows-x86_64 | 1.2.0 | 6.00 | 56.00 | 62.00 | OK | |
r-patched-linux-x86_64 | 1.2.0 | 4.42 | 31.64 | 36.06 | OK | |
r-release-linux-x86_64 | OK | |||||
r-release-macos-arm64 | 1.2.0 | 21.00 | OK | |||
r-release-macos-x86_64 | 1.2.0 | 50.00 | OK | |||
r-release-windows-x86_64 | 1.2.0 | 6.00 | 58.00 | 64.00 | OK | |
r-oldrel-macos-arm64 | 1.2.0 | 22.00 | OK | |||
r-oldrel-macos-x86_64 | 1.2.0 | 33.00 | OK | |||
r-oldrel-windows-x86_64 | 1.2.0 | 8.00 | 58.00 | 66.00 | OK |
Version: 1.2.0
Check: CRAN incoming feasibility
Result: NOTE
Maintainer: ‘Paul Richardson <p.richardson.54391@gmail.com>’
No Authors@R field in DESCRIPTION.
Please add one, modifying
Authors@R: person(given = "Paul",
family = "Richardson",
role = c("aut", "cre"),
email = "p.richardson.54391@gmail.com")
as necessary.
Flavors: r-devel-linux-x86_64-debian-clang, r-devel-linux-x86_64-debian-gcc
These binaries (installable software) and packages are in development.
They may not be fully stable and should be used with caution. We make no claims about them.