CRAN Package Check Results for Package hues

Last updated on 2025-05-01 15:49:33 CEST.

Flavor Version Tinstall Tcheck Ttotal Status Flags
r-devel-linux-x86_64-debian-clang 0.2.0 1.69 26.06 27.75 OK
r-devel-linux-x86_64-debian-gcc 0.2.0 1.56 21.31 22.87 OK
r-devel-linux-x86_64-fedora-clang 0.2.0 40.67 OK
r-devel-linux-x86_64-fedora-gcc 0.2.0 40.03 OK
r-devel-windows-x86_64 0.2.0 4.00 47.00 51.00 OK
r-patched-linux-x86_64 0.2.0 2.11 23.79 25.90 OK
r-release-linux-x86_64 OK
r-release-macos-arm64 0.2.0 16.00 OK
r-release-macos-x86_64 0.2.0 28.00 OK
r-release-windows-x86_64 0.2.0 3.00 50.00 53.00 OK
r-oldrel-macos-arm64 0.2.0 16.00 NOTE
r-oldrel-macos-x86_64 0.2.0 30.00 NOTE
r-oldrel-windows-x86_64 0.2.0 3.00 49.00 52.00 NOTE

Check Details

Version: 0.2.0
Check: LazyData
Result: NOTE 'LazyData' is specified without a 'data' directory Flavors: r-oldrel-macos-arm64, r-oldrel-macos-x86_64, r-oldrel-windows-x86_64

These binaries (installable software) and packages are in development.
They may not be fully stable and should be used with caution. We make no claims about them.