CRAN Package Check Results for Package humanize

Last updated on 2025-02-16 08:50:49 CET.

Flavor Version Tinstall Tcheck Ttotal Status Flags
r-devel-linux-x86_64-debian-clang 0.2.0 2.65 28.15 30.80 OK
r-devel-linux-x86_64-debian-gcc 0.2.0 1.91 21.61 23.52 OK
r-devel-linux-x86_64-fedora-clang 0.2.0 51.92 OK
r-devel-linux-x86_64-fedora-gcc 0.2.0 61.01 OK
r-devel-macos-arm64 0.2.0 24.00 OK
r-devel-macos-x86_64 0.2.0 51.00 OK
r-devel-windows-x86_64 0.2.0 4.00 49.00 53.00 OK
r-patched-linux-x86_64 0.2.0 2.10 28.12 30.22 NOTE
r-release-linux-x86_64 0.2.0 2.78 26.45 29.23 NOTE
r-release-macos-arm64 0.2.0 28.00 NOTE
r-release-macos-x86_64 0.2.0 34.00 NOTE
r-release-windows-x86_64 0.2.0 4.00 51.00 55.00 NOTE
r-oldrel-macos-arm64 0.2.0 25.00 NOTE
r-oldrel-macos-x86_64 0.2.0 35.00 NOTE
r-oldrel-windows-x86_64 0.2.0 4.00 62.00 66.00 NOTE

Check Details

Version: 0.2.0
Check: LazyData
Result: NOTE 'LazyData' is specified without a 'data' directory Flavors: r-patched-linux-x86_64, r-release-linux-x86_64, r-release-macos-arm64, r-release-macos-x86_64, r-release-windows-x86_64, r-oldrel-macos-arm64, r-oldrel-macos-x86_64, r-oldrel-windows-x86_64

These binaries (installable software) and packages are in development.
They may not be fully stable and should be used with caution. We make no claims about them.