CRAN Package Check Results for Package humanleague

Last updated on 2025-05-08 04:52:07 CEST.

Flavor Version Tinstall Tcheck Ttotal Status Flags
r-devel-linux-x86_64-debian-clang 2.3.2 77.01 26.97 103.98 OK
r-devel-linux-x86_64-debian-gcc 2.3.2 59.12 21.00 80.12 OK
r-devel-linux-x86_64-fedora-clang 2.3.2 156.92 OK
r-devel-linux-x86_64-fedora-gcc 2.3.2 232.40 OK
r-devel-windows-x86_64 2.3.2 70.00 71.00 141.00 OK
r-patched-linux-x86_64 2.3.2 81.31 25.29 106.60 OK
r-release-linux-x86_64 2.3.2 80.98 25.18 106.16 OK
r-release-macos-arm64 2.3.2 40.00 OK
r-release-macos-x86_64 2.3.2 50.00 OK
r-release-windows-x86_64 2.3.2 73.00 72.00 145.00 OK
r-oldrel-macos-arm64 2.3.2 46.00 NOTE
r-oldrel-macos-x86_64 2.3.2 60.00 NOTE
r-oldrel-windows-x86_64 2.3.2 71.00 80.00 151.00 OK

Check Details

Version: 2.3.2
Check: installed package size
Result: NOTE installed size is 7.9Mb sub-directories of 1Mb or more: libs 7.8Mb Flavors: r-oldrel-macos-arm64, r-oldrel-macos-x86_64

These binaries (installable software) and packages are in development.
They may not be fully stable and should be used with caution. We make no claims about them.