Last updated on 2025-11-16 05:48:39 CET.
| Flavor | Version | Tinstall | Tcheck | Ttotal | Status | Flags |
|---|---|---|---|---|---|---|
| r-devel-linux-x86_64-debian-clang | 2.3.2 | 77.05 | 27.94 | 104.99 | OK | |
| r-devel-linux-x86_64-debian-gcc | 2.3.2 | 65.07 | 22.83 | 87.90 | OK | |
| r-devel-linux-x86_64-fedora-clang | 2.3.2 | 107.00 | 45.20 | 152.20 | OK | |
| r-devel-linux-x86_64-fedora-gcc | 2.3.2 | 155.00 | 40.88 | 195.88 | OK | |
| r-devel-windows-x86_64 | 2.3.2 | 89.00 | 64.00 | 153.00 | OK | |
| r-patched-linux-x86_64 | 2.3.2 | 82.39 | 26.33 | 108.72 | OK | |
| r-release-linux-x86_64 | 2.3.2 | 82.03 | 26.67 | 108.70 | OK | |
| r-release-macos-arm64 | 2.3.2 | 22.00 | 18.00 | 40.00 | OK | |
| r-release-macos-x86_64 | 2.3.2 | 23.00 | 27.00 | 50.00 | OK | |
| r-release-windows-x86_64 | 2.3.2 | 69.00 | 66.00 | 135.00 | OK | |
| r-oldrel-macos-arm64 | 2.3.2 | 29.00 | 17.00 | 46.00 | NOTE | |
| r-oldrel-macos-x86_64 | 2.3.2 | 21.00 | 39.00 | 60.00 | NOTE | |
| r-oldrel-windows-x86_64 | 2.3.2 | 83.00 | 82.00 | 165.00 | OK |
Version: 2.3.2
Check: installed package size
Result: NOTE
installed size is 7.9Mb
sub-directories of 1Mb or more:
libs 7.8Mb
Flavors: r-oldrel-macos-arm64, r-oldrel-macos-x86_64
These binaries (installable software) and packages are in development.
They may not be fully stable and should be used with caution. We make no claims about them.