CRAN Package Check Results for Package humanleague

Last updated on 2025-07-21 19:49:46 CEST.

Flavor Version Tinstall Tcheck Ttotal Status Flags
r-devel-linux-x86_64-debian-clang 2.3.2 78.11 26.82 104.93 OK
r-devel-linux-x86_64-debian-gcc 2.3.2 60.31 21.66 81.97 OK
r-devel-linux-x86_64-fedora-clang 2.3.2 146.97 OK
r-devel-linux-x86_64-fedora-gcc 2.3.2 193.91 OK
r-devel-windows-x86_64 2.3.2 67.00 70.00 137.00 OK
r-patched-linux-x86_64 2.3.2 82.79 25.69 108.48 OK
r-release-linux-x86_64 2.3.2 85.47 25.47 110.94 OK
r-release-macos-arm64 2.3.2 40.00 OK
r-release-macos-x86_64 2.3.2 50.00 OK
r-release-windows-x86_64 2.3.2 71.00 73.00 144.00 OK
r-oldrel-macos-arm64 2.3.2 46.00 NOTE
r-oldrel-macos-x86_64 2.3.2 60.00 NOTE
r-oldrel-windows-x86_64 2.3.2 72.00 81.00 153.00 OK

Check Details

Version: 2.3.2
Check: installed package size
Result: NOTE installed size is 7.9Mb sub-directories of 1Mb or more: libs 7.8Mb Flavors: r-oldrel-macos-arm64, r-oldrel-macos-x86_64

These binaries (installable software) and packages are in development.
They may not be fully stable and should be used with caution. We make no claims about them.