Last updated on 2024-07-27 15:50:20 CEST.
Flavor | Version | Tinstall | Tcheck | Ttotal | Status | Flags |
---|---|---|---|---|---|---|
r-devel-linux-x86_64-debian-clang | 2.3.1 | 102.70 | 32.33 | 135.03 | OK | |
r-devel-linux-x86_64-debian-gcc | 2.3.1 | OK | ||||
r-devel-linux-x86_64-fedora-clang | 2.3.1 | 169.83 | OK | |||
r-devel-linux-x86_64-fedora-gcc | 2.3.1 | 194.56 | OK | |||
r-devel-windows-x86_64 | 2.3.1 | 70.00 | 71.00 | 141.00 | OK | |
r-patched-linux-x86_64 | 2.3.1 | OK | ||||
r-release-linux-x86_64 | 2.3.1 | 87.61 | 32.38 | 119.99 | OK | |
r-release-macos-arm64 | 2.3.1 | 38.00 | NOTE | |||
r-release-macos-x86_64 | 2.3.1 | 45.00 | NOTE | |||
r-release-windows-x86_64 | 2.3.1 | 76.00 | 67.00 | 143.00 | OK | |
r-oldrel-macos-arm64 | 2.3.1 | 52.00 | NOTE | |||
r-oldrel-macos-x86_64 | 2.3.1 | 67.00 | NOTE | |||
r-oldrel-windows-x86_64 | 2.3.1 | 63.00 | 75.00 | 138.00 | OK |
Version: 2.3.1
Check: installed package size
Result: NOTE
installed size is 7.8Mb
sub-directories of 1Mb or more:
libs 7.7Mb
Flavors: r-release-macos-arm64, r-release-macos-x86_64, r-oldrel-macos-arm64, r-oldrel-macos-x86_64
These binaries (installable software) and packages are in development.
They may not be fully stable and should be used with caution. We make no claims about them.