CRAN Package Check Results for Package humidity

Last updated on 2025-10-23 11:50:16 CEST.

Flavor Version Tinstall Tcheck Ttotal Status Flags
r-devel-linux-x86_64-debian-clang 0.1.5 1.69 25.49 27.18 NOTE
r-devel-linux-x86_64-debian-gcc 0.1.5 1.33 20.91 22.24 NOTE
r-devel-linux-x86_64-fedora-clang 0.1.5 40.84 OK
r-devel-linux-x86_64-fedora-gcc 0.1.5 67.37 OK
r-devel-windows-x86_64 0.1.5 3.00 47.00 50.00 OK
r-patched-linux-x86_64 0.1.5 1.92 23.08 25.00 OK
r-release-linux-x86_64 0.1.5 1.54 23.41 24.95 OK
r-release-macos-arm64 0.1.5 1.00 21.00 22.00 OK
r-release-macos-x86_64 0.1.5 2.00 39.00 41.00 OK
r-release-windows-x86_64 0.1.5 4.00 48.00 52.00 OK
r-oldrel-macos-arm64 0.1.5 1.00 22.00 23.00 OK
r-oldrel-macos-x86_64 0.1.5 2.00 36.00 38.00 OK
r-oldrel-windows-x86_64 0.1.5 4.00 53.00 57.00 OK

Check Details

Version: 0.1.5
Check: CRAN incoming feasibility
Result: NOTE Maintainer: ‘Jun Cai <cai-j12@mails.tsinghua.edu.cn>’ Package CITATION file contains call(s) to old-style citEntry(). Please use bibentry() instead. Flavors: r-devel-linux-x86_64-debian-clang, r-devel-linux-x86_64-debian-gcc

These binaries (installable software) and packages are in development.
They may not be fully stable and should be used with caution. We make no claims about them.