CRAN Package Check Results for Package humidity

Last updated on 2025-05-08 04:52:07 CEST.

Flavor Version Tinstall Tcheck Ttotal Status Flags
r-devel-linux-x86_64-debian-clang 0.1.5 1.78 23.85 25.63 NOTE
r-devel-linux-x86_64-debian-gcc 0.1.5 1.44 19.34 20.78 NOTE
r-devel-linux-x86_64-fedora-clang 0.1.5 40.16 OK
r-devel-linux-x86_64-fedora-gcc 0.1.5 59.84 OK
r-devel-windows-x86_64 0.1.5 3.00 46.00 49.00 OK
r-patched-linux-x86_64 0.1.5 2.00 22.10 24.10 OK
r-release-linux-x86_64 0.1.5 1.93 22.08 24.01 OK
r-release-macos-arm64 0.1.5 22.00 OK
r-release-macos-x86_64 0.1.5 41.00 OK
r-release-windows-x86_64 0.1.5 4.00 48.00 52.00 OK
r-oldrel-macos-arm64 0.1.5 23.00 OK
r-oldrel-macos-x86_64 0.1.5 38.00 OK
r-oldrel-windows-x86_64 0.1.5 3.00 51.00 54.00 OK

Check Details

Version: 0.1.5
Check: CRAN incoming feasibility
Result: NOTE Maintainer: ‘Jun Cai <cai-j12@mails.tsinghua.edu.cn>’ Package CITATION file contains call(s) to old-style citEntry(). Please use bibentry() instead. Flavors: r-devel-linux-x86_64-debian-clang, r-devel-linux-x86_64-debian-gcc

These binaries (installable software) and packages are in development.
They may not be fully stable and should be used with caution. We make no claims about them.