CRAN Package Check Results for Package humidity

Last updated on 2025-11-12 12:53:12 CET.

Flavor Version Tinstall Tcheck Ttotal Status Flags
r-devel-linux-x86_64-debian-clang 0.1.5 1.77 25.70 27.47 NOTE
r-devel-linux-x86_64-debian-gcc 0.1.5 1.50 21.26 22.76 NOTE
r-devel-linux-x86_64-fedora-clang 0.1.5 39.24 OK
r-devel-linux-x86_64-fedora-gcc 0.1.5 55.84 OK
r-devel-windows-x86_64 0.1.5 3.00 47.00 50.00 OK
r-patched-linux-x86_64 0.1.5 1.96 24.10 26.06 OK
r-release-linux-x86_64 0.1.5 1.81 23.37 25.18 OK
r-release-macos-arm64 0.1.5 1.00 21.00 22.00 OK
r-release-macos-x86_64 0.1.5 2.00 39.00 41.00 OK
r-release-windows-x86_64 0.1.5 4.00 45.00 49.00 OK
r-oldrel-macos-arm64 0.1.5 1.00 22.00 23.00 OK
r-oldrel-macos-x86_64 0.1.5 2.00 36.00 38.00 OK
r-oldrel-windows-x86_64 0.1.5 3.00 50.00 53.00 OK

Check Details

Version: 0.1.5
Check: CRAN incoming feasibility
Result: NOTE Maintainer: ‘Jun Cai <cai-j12@mails.tsinghua.edu.cn>’ Package CITATION file contains call(s) to old-style citEntry(). Please use bibentry() instead. Flavors: r-devel-linux-x86_64-debian-clang, r-devel-linux-x86_64-debian-gcc

These binaries (installable software) and packages are in development.
They may not be fully stable and should be used with caution. We make no claims about them.