Last updated on 2025-02-19 16:50:50 CET.
Flavor | Version | Tinstall | Tcheck | Ttotal | Status | Flags |
---|---|---|---|---|---|---|
r-devel-linux-x86_64-debian-clang | 3.0.5 | 41.87 | 34.26 | 76.13 | OK | |
r-devel-linux-x86_64-debian-gcc | 3.0.5 | 36.96 | 28.01 | 64.97 | OK | |
r-devel-linux-x86_64-fedora-clang | 3.0.5 | 168.38 | OK | |||
r-devel-linux-x86_64-fedora-gcc | 3.0.5 | 168.33 | OK | |||
r-devel-macos-arm64 | 3.0.5 | 47.00 | OK | |||
r-devel-macos-x86_64 | 3.0.5 | 89.00 | OK | |||
r-devel-windows-x86_64 | 3.0.5 | 52.00 | 89.00 | 141.00 | OK | |
r-patched-linux-x86_64 | 3.0.5 | 49.32 | 33.57 | 82.89 | OK | |
r-release-linux-x86_64 | 3.0.5 | 46.31 | 33.82 | 80.13 | OK | |
r-release-macos-arm64 | 3.0.5 | 51.00 | NOTE | |||
r-release-macos-x86_64 | 3.0.5 | 98.00 | NOTE | |||
r-release-windows-x86_64 | 3.0.5 | 53.00 | 81.00 | 134.00 | OK | |
r-oldrel-macos-arm64 | 3.0.5 | 63.00 | NOTE | |||
r-oldrel-macos-x86_64 | 3.0.5 | 107.00 | NOTE | |||
r-oldrel-windows-x86_64 | 3.0.5 | 61.00 | 86.00 | 147.00 | OK |
Version: 3.0.5
Check: installed package size
Result: NOTE
installed size is 7.9Mb
sub-directories of 1Mb or more:
dict 1.5Mb
libs 5.4Mb
Flavors: r-release-macos-arm64, r-release-macos-x86_64, r-oldrel-macos-arm64, r-oldrel-macos-x86_64
These binaries (installable software) and packages are in development.
They may not be fully stable and should be used with caution. We make no claims about them.