CRAN Package Check Results for Package hwordcloud

Last updated on 2025-02-16 08:50:49 CET.

Flavor Version Tinstall Tcheck Ttotal Status Flags
r-devel-linux-x86_64-debian-clang 0.1.0 2.88 27.20 30.08 OK
r-devel-linux-x86_64-debian-gcc 0.1.0 1.70 21.55 23.25 OK
r-devel-linux-x86_64-fedora-clang 0.1.0 48.62 NOTE
r-devel-linux-x86_64-fedora-gcc 0.1.0 58.44 NOTE
r-devel-macos-arm64 0.1.0 27.00 OK
r-devel-macos-x86_64 0.1.0 42.00 OK
r-devel-windows-x86_64 0.1.0 5.00 47.00 52.00 OK
r-patched-linux-x86_64 0.1.0 2.54 25.21 27.75 NOTE
r-release-linux-x86_64 0.1.0 2.42 25.41 27.83 NOTE
r-release-macos-arm64 0.1.0 25.00 NOTE
r-release-macos-x86_64 0.1.0 50.00 NOTE
r-release-windows-x86_64 0.1.0 5.00 48.00 53.00 NOTE
r-oldrel-macos-arm64 0.1.0 27.00 NOTE
r-oldrel-macos-x86_64 0.1.0 36.00 NOTE
r-oldrel-windows-x86_64 0.1.0 5.00 52.00 57.00 NOTE

Check Details

Version: 0.1.0
Check: dependencies in R code
Result: NOTE Namespaces in Imports field not imported from: ‘colourpicker’ ‘shiny’ ‘wordcloud2’ All declared Imports should be used. Flavors: r-devel-linux-x86_64-fedora-clang, r-devel-linux-x86_64-fedora-gcc

Version: 0.1.0
Check: LazyData
Result: NOTE 'LazyData' is specified without a 'data' directory Flavors: r-patched-linux-x86_64, r-release-linux-x86_64, r-release-macos-arm64, r-release-macos-x86_64, r-release-windows-x86_64, r-oldrel-macos-arm64, r-oldrel-macos-x86_64, r-oldrel-windows-x86_64

These binaries (installable software) and packages are in development.
They may not be fully stable and should be used with caution. We make no claims about them.