Last updated on 2025-10-23 21:51:29 CEST.
Flavor | Version | Tinstall | Tcheck | Ttotal | Status | Flags |
---|---|---|---|---|---|---|
r-devel-linux-x86_64-debian-clang | 0.6-0.1 | 7.44 | 108.27 | 115.71 | OK | |
r-devel-linux-x86_64-debian-gcc | 0.6-0.1 | 5.19 | 75.73 | 80.92 | NOTE | |
r-devel-linux-x86_64-fedora-clang | 0.6-0.1 | 21.00 | 146.65 | 167.65 | OK | |
r-devel-linux-x86_64-fedora-gcc | 0.6-0.1 | 16.00 | 155.53 | 171.53 | OK | |
r-devel-windows-x86_64 | 0.6-0.1 | 10.00 | 193.00 | 203.00 | OK | |
r-patched-linux-x86_64 | 0.6-0.1 | 9.52 | 101.82 | 111.34 | OK | |
r-release-linux-x86_64 | 0.6-0.1 | 7.30 | 103.25 | 110.55 | OK | |
r-release-macos-arm64 | 0.6-0.1 | 5.00 | 106.00 | 111.00 | OK | |
r-release-macos-x86_64 | 0.6-0.1 | 7.00 | 118.00 | 125.00 | OK | |
r-release-windows-x86_64 | 0.6-0.1 | 9.00 | 196.00 | 205.00 | OK | |
r-oldrel-macos-arm64 | 0.6-0.1 | 4.00 | 58.00 | 62.00 | OK | |
r-oldrel-macos-x86_64 | 0.6-0.1 | 6.00 | 93.00 | 99.00 | OK | |
r-oldrel-windows-x86_64 | 0.6-0.1 | 13.00 | 207.00 | 220.00 | OK |
Version: 0.6-0.1
Check: Rd files
Result: NOTE
checkRd: (-1) hydroGOF-package.Rd:36-73: Only 2 columns allowed in this table (row 1 has 1)
checkRd: (-1) hydroGOF-package.Rd:36-73: Only 2 columns allowed in this table (row 2 has 1)
checkRd: (-1) hydroGOF-package.Rd:36-73: Only 2 columns allowed in this table (row 3 has 1)
checkRd: (-1) hydroGOF-package.Rd:36-73: Only 2 columns allowed in this table (row 4 has 1)
checkRd: (-1) hydroGOF-package.Rd:36-73: Only 2 columns allowed in this table (row 5 has 1)
checkRd: (-1) hydroGOF-package.Rd:36-73: Only 2 columns allowed in this table (row 6 has 1)
checkRd: (-1) hydroGOF-package.Rd:36-73: Only 2 columns allowed in this table (row 7 has 1)
checkRd: (-1) hydroGOF-package.Rd:36-73: Only 2 columns allowed in this table (row 8 has 1)
checkRd: (-1) hydroGOF-package.Rd:36-73: Only 2 columns allowed in this table (row 9 has 1)
checkRd: (-1) hydroGOF-package.Rd:36-73: Only 2 columns allowed in this table (row 10 has 1)
checkRd: (-1) hydroGOF-package.Rd:36-73: Only 2 columns allowed in this table (row 11 has 1)
checkRd: (-1) hydroGOF-package.Rd:36-73: Only 2 columns allowed in this table (row 12 has 1)
checkRd: (-1) hydroGOF-package.Rd:36-73: Only 2 columns allowed in this table (row 13 has 1)
checkRd: (-1) hydroGOF-package.Rd:36-73: Only 2 columns allowed in this table (row 14 has 1)
checkRd: (-1) hydroGOF-package.Rd:36-73: Only 2 columns allowed in this table (row 15 has 1)
checkRd: (-1) hydroGOF-package.Rd:36-73: Only 2 columns allowed in this table (row 16 has 1)
checkRd: (-1) hydroGOF-package.Rd:36-73: Only 2 columns allowed in this table (row 17 has 1)
checkRd: (-1) hydroGOF-package.Rd:36-73: Only 2 columns allowed in this table (row 18 has 1)
checkRd: (-1) hydroGOF-package.Rd:36-73: Only 2 columns allowed in this table (row 19 has 1)
checkRd: (-1) hydroGOF-package.Rd:36-73: Only 2 columns allowed in this table (row 20 has 1)
checkRd: (-1) hydroGOF-package.Rd:36-73: Only 2 columns allowed in this table (row 21 has 1)
checkRd: (-1) hydroGOF-package.Rd:36-73: Only 2 columns allowed in this table (row 22 has 1)
checkRd: (-1) hydroGOF-package.Rd:36-73: Only 2 columns allowed in this table (row 23 has 1)
checkRd: (-1) hydroGOF-package.Rd:36-73: Only 2 columns allowed in this table (row 24 has 1)
checkRd: (-1) hydroGOF-package.Rd:36-73: Only 2 columns allowed in this table (row 25 has 1)
checkRd: (-1) hydroGOF-package.Rd:36-73: Only 2 columns allowed in this table (row 26 has 1)
checkRd: (-1) hydroGOF-package.Rd:36-73: Only 2 columns allowed in this table (row 27 has 1)
checkRd: (-1) hydroGOF-package.Rd:36-73: Only 2 columns allowed in this table (row 28 has 1)
checkRd: (-1) hydroGOF-package.Rd:36-73: Only 2 columns allowed in this table (row 29 has 1)
checkRd: (-1) hydroGOF-package.Rd:36-73: Only 2 columns allowed in this table (row 30 has 1)
checkRd: (-1) hydroGOF-package.Rd:36-73: Only 2 columns allowed in this table (row 31 has 1)
checkRd: (-1) hydroGOF-package.Rd:36-73: Only 2 columns allowed in this table (row 32 has 1)
checkRd: (-1) hydroGOF-package.Rd:36-73: Only 2 columns allowed in this table (row 33 has 1)
checkRd: (-1) hydroGOF-package.Rd:36-73: Only 2 columns allowed in this table (row 34 has 1)
checkRd: (-1) hydroGOF-package.Rd:36-73: Only 2 columns allowed in this table (row 35 has 1)
checkRd: (-1) hydroGOF-package.Rd:36-73: Only 2 columns allowed in this table (row 36 has 1)
Flavor: r-devel-linux-x86_64-debian-gcc
These binaries (installable software) and packages are in development.
They may not be fully stable and should be used with caution. We make no claims about them.