CRAN Package Check Results for Package hydrostats

Last updated on 2025-07-01 15:49:51 CEST.

Flavor Version Tinstall Tcheck Ttotal Status Flags
r-devel-linux-x86_64-debian-clang 0.2.9 2.98 32.14 35.12 NOTE
r-devel-linux-x86_64-debian-gcc 0.2.9 2.10 24.90 27.00 NOTE
r-devel-linux-x86_64-fedora-clang 0.2.9 51.84 OK
r-devel-linux-x86_64-fedora-gcc 0.2.9 48.08 OK
r-devel-windows-x86_64 0.2.9 4.00 66.00 70.00 OK
r-patched-linux-x86_64 OK
r-release-linux-x86_64 0.2.9 2.89 30.72 33.61 OK
r-release-macos-arm64 0.2.9 20.00 OK
r-release-macos-x86_64 0.2.9 36.00 OK
r-release-windows-x86_64 0.2.9 6.00 65.00 71.00 OK
r-oldrel-macos-arm64 0.2.9 19.00 OK
r-oldrel-macos-x86_64 0.2.9 29.00 OK
r-oldrel-windows-x86_64 0.2.9 4.00 71.00 75.00 OK

Check Details

Version: 0.2.9
Check: CRAN incoming feasibility
Result: NOTE Maintainer: ‘Nick Bond <n.bond@latrobe.edu.au>’ No Authors@R field in DESCRIPTION. Please add one, modifying Authors@R: person(given = "Nick", family = "Bond", role = c("aut", "cre"), email = "n.bond@latrobe.edu.au") as necessary. Flavors: r-devel-linux-x86_64-debian-clang, r-devel-linux-x86_64-debian-gcc

These binaries (installable software) and packages are in development.
They may not be fully stable and should be used with caution. We make no claims about them.