Last updated on 2025-07-02 01:51:40 CEST.
Flavor | Version | Tinstall | Tcheck | Ttotal | Status | Flags |
---|---|---|---|---|---|---|
r-devel-linux-x86_64-debian-clang | 1.2.1 | 4.05 | 44.16 | 48.21 | NOTE | |
r-devel-linux-x86_64-debian-gcc | 1.2.1 | 3.91 | 35.25 | 39.16 | NOTE | |
r-devel-linux-x86_64-fedora-clang | 1.2.1 | 72.96 | OK | |||
r-devel-linux-x86_64-fedora-gcc | 1.2.1 | 67.34 | OK | |||
r-devel-windows-x86_64 | 1.2.1 | 8.00 | 67.00 | 75.00 | NOTE | |
r-patched-linux-x86_64 | NOTE | |||||
r-release-linux-x86_64 | 1.2.1 | 4.48 | 42.84 | 47.32 | NOTE | |
r-release-macos-arm64 | 1.2.1 | 34.00 | OK | |||
r-release-macos-x86_64 | 1.2.1 | 45.00 | OK | |||
r-release-windows-x86_64 | 1.2.1 | 8.00 | 65.00 | 73.00 | NOTE | |
r-oldrel-macos-arm64 | 1.2.1 | 26.00 | OK | |||
r-oldrel-macos-x86_64 | 1.2.1 | 65.00 | OK | |||
r-oldrel-windows-x86_64 | 1.2.1 | 10.00 | 76.00 | 86.00 | OK |
Version: 1.2.1
Check: Rd cross-references
Result: NOTE
Found the following Rd file(s) with Rd \link{} targets missing package
anchors:
hyper.fit.Rd: LaplaceApproximation, LaplacesDemon
Please provide package anchors for all Rd \link{} targets not in the
package itself and the base packages.
Flavors: r-devel-linux-x86_64-debian-clang, r-devel-linux-x86_64-debian-gcc, r-devel-windows-x86_64, r-patched-linux-x86_64, r-release-linux-x86_64, r-release-windows-x86_64
These binaries (installable software) and packages are in development.
They may not be fully stable and should be used with caution. We make no claims about them.