Last updated on 2025-05-01 08:52:35 CEST.
Flavor | Version | Tinstall | Tcheck | Ttotal | Status | Flags |
---|---|---|---|---|---|---|
r-devel-linux-x86_64-debian-clang | 3.1-0 | 28.60 | 328.33 | 356.93 | NOTE | |
r-devel-linux-x86_64-debian-gcc | 3.1-0 | 21.92 | 217.13 | 239.05 | NOTE | |
r-devel-linux-x86_64-fedora-clang | 3.1-0 | 564.76 | NOTE | |||
r-devel-linux-x86_64-fedora-gcc | 3.1-0 | 589.98 | NOTE | |||
r-devel-windows-x86_64 | 3.1-0 | 39.00 | 387.00 | 426.00 | NOTE | |
r-patched-linux-x86_64 | 3.1-0 | 31.41 | 317.63 | 349.04 | NOTE | |
r-release-linux-x86_64 | NOTE | |||||
r-release-macos-arm64 | 3.1-0 | 166.00 | NOTE | |||
r-release-macos-x86_64 | 3.1-0 | 347.00 | NOTE | |||
r-release-windows-x86_64 | 3.1-0 | 41.00 | 393.00 | 434.00 | NOTE | |
r-oldrel-macos-arm64 | 3.1-0 | 152.00 | OK | |||
r-oldrel-macos-x86_64 | 3.1-0 | 583.00 | OK | |||
r-oldrel-windows-x86_64 | 3.1-0 | 46.00 | 515.00 | 561.00 | OK |
Version: 3.1-0
Check: DESCRIPTION meta-information
Result: NOTE
Missing dependency on R >= 4.1.0 because package code uses the pipe
|> or function shorthand \(...) syntax added in R 4.1.0.
File(s) using such syntax:
‘psubs.Rd’ ‘pwa.Rd’ ‘tennis.Rd’
Flavors: r-devel-linux-x86_64-debian-clang, r-devel-linux-x86_64-debian-gcc, r-devel-linux-x86_64-fedora-clang, r-devel-linux-x86_64-fedora-gcc, r-devel-windows-x86_64, r-patched-linux-x86_64, r-release-linux-x86_64, r-release-macos-arm64, r-release-macos-x86_64, r-release-windows-x86_64
Version: 3.1-0
Check: examples
Result: NOTE
Examples with CPU (user + system) or elapsed time > 5s
user system elapsed
loglik 4.683 0.08 5.258
rhyper3 3.620 0.00 5.860
Flavor: r-devel-linux-x86_64-debian-clang
These binaries (installable software) and packages are in development.
They may not be fully stable and should be used with caution. We make no claims about them.