CRAN Package Check Results for Package hyperSpec

Last updated on 2025-05-08 04:52:07 CEST.

Flavor Version Tinstall Tcheck Ttotal Status Flags
r-devel-linux-x86_64-debian-clang 0.100.2 17.83 146.00 163.83 NOTE
r-devel-linux-x86_64-debian-gcc 0.100.2 11.54 97.81 109.35 NOTE
r-devel-linux-x86_64-fedora-clang 0.100.2 269.89 OK
r-devel-linux-x86_64-fedora-gcc 0.100.2 269.43 OK
r-devel-windows-x86_64 0.100.2 20.00 164.00 184.00 NOTE
r-patched-linux-x86_64 0.100.2 18.08 135.78 153.86 NOTE
r-release-linux-x86_64 0.100.2 16.90 134.70 151.60 NOTE
r-release-macos-arm64 0.100.2 85.00 OK
r-release-macos-x86_64 0.100.2 138.00 OK
r-release-windows-x86_64 0.100.2 18.00 163.00 181.00 NOTE
r-oldrel-macos-arm64 0.100.2 70.00 OK
r-oldrel-macos-x86_64 0.100.2 132.00 OK
r-oldrel-windows-x86_64 0.100.2 23.00 201.00 224.00 OK

Check Details

Version: 0.100.2
Check: Rd cross-references
Result: NOTE Found the following Rd file(s) with Rd \link{} targets missing package anchors: map-sel-poly.Rd: levelplot Please provide package anchors for all Rd \link{} targets not in the package itself and the base packages. Flavors: r-devel-linux-x86_64-debian-clang, r-devel-linux-x86_64-debian-gcc, r-devel-windows-x86_64, r-patched-linux-x86_64, r-release-linux-x86_64, r-release-windows-x86_64

These binaries (installable software) and packages are in development.
They may not be fully stable and should be used with caution. We make no claims about them.