CRAN Package Check Results for Package hypercube

Last updated on 2025-07-01 11:49:20 CEST.

Flavor Version Tinstall Tcheck Ttotal Status Flags
r-devel-linux-x86_64-debian-clang 0.2.1 8.50 56.65 65.15 NOTE
r-devel-linux-x86_64-debian-gcc 0.2.1 6.11 41.13 47.24 NOTE
r-devel-linux-x86_64-fedora-clang 0.2.1 97.39 OK
r-devel-linux-x86_64-fedora-gcc 0.2.1 86.99 OK
r-devel-windows-x86_64 0.2.1 10.00 74.00 84.00 OK
r-patched-linux-x86_64 OK
r-release-linux-x86_64 0.2.1 7.60 50.82 58.42 OK
r-release-macos-arm64 0.2.1 29.00 OK
r-release-macos-x86_64 0.2.1 54.00 OK
r-release-windows-x86_64 0.2.1 9.00 73.00 82.00 OK
r-oldrel-macos-arm64 0.2.1 35.00 OK
r-oldrel-macos-x86_64 0.2.1 44.00 OK
r-oldrel-windows-x86_64 0.2.1 13.00 87.00 100.00 OK

Check Details

Version: 0.2.1
Check: CRAN incoming feasibility
Result: NOTE Maintainer: ‘Michael Scholz <michael.scholz@th-deg.de>’ No Authors@R field in DESCRIPTION. Please add one, modifying Authors@R: person(given = "Michael", family = "Scholz", role = c("aut", "cre"), email = "michael.scholz@th-deg.de") as necessary. Flavors: r-devel-linux-x86_64-debian-clang, r-devel-linux-x86_64-debian-gcc

These binaries (installable software) and packages are in development.
They may not be fully stable and should be used with caution. We make no claims about them.