CRAN Package Check Results for Package hypercube

Last updated on 2025-11-11 15:50:36 CET.

Flavor Version Tinstall Tcheck Ttotal Status Flags
r-devel-linux-x86_64-debian-clang 0.2.1 9.56 65.90 75.46 NOTE
r-devel-linux-x86_64-debian-gcc 0.2.1 5.90 45.71 51.61 NOTE
r-devel-linux-x86_64-fedora-clang 0.2.1 24.00 89.40 113.40 OK
r-devel-linux-x86_64-fedora-gcc 0.2.1 19.00 84.17 103.17 OK
r-devel-windows-x86_64 0.2.1 10.00 76.00 86.00 OK
r-patched-linux-x86_64 0.2.1 9.63 60.74 70.37 OK
r-release-linux-x86_64 0.2.1 8.49 59.53 68.02 OK
r-release-macos-arm64 0.2.1 3.00 26.00 29.00 OK
r-release-macos-x86_64 0.2.1 7.00 47.00 54.00 OK
r-release-windows-x86_64 0.2.1 12.00 74.00 86.00 OK
r-oldrel-macos-arm64 0.2.1 4.00 31.00 35.00 OK
r-oldrel-macos-x86_64 0.2.1 5.00 39.00 44.00 OK
r-oldrel-windows-x86_64 0.2.1 14.00 91.00 105.00 OK

Check Details

Version: 0.2.1
Check: CRAN incoming feasibility
Result: NOTE Maintainer: ‘Michael Scholz <michael.scholz@th-deg.de>’ No Authors@R field in DESCRIPTION. Please add one, modifying Authors@R: person(given = "Michael", family = "Scholz", role = c("aut", "cre"), email = "michael.scholz@th-deg.de") as necessary. Flavors: r-devel-linux-x86_64-debian-clang, r-devel-linux-x86_64-debian-gcc

These binaries (installable software) and packages are in development.
They may not be fully stable and should be used with caution. We make no claims about them.