Last updated on 2025-02-16 08:50:49 CET.
Flavor | Version | Tinstall | Tcheck | Ttotal | Status | Flags |
---|---|---|---|---|---|---|
r-devel-linux-x86_64-debian-clang | 0.8.5 | 2.90 | 44.94 | 47.84 | OK | |
r-devel-linux-x86_64-debian-gcc | 0.8.5 | 2.13 | 32.34 | 34.47 | OK | |
r-devel-linux-x86_64-fedora-clang | 0.8.5 | 81.20 | OK | |||
r-devel-linux-x86_64-fedora-gcc | 0.8.5 | 86.18 | OK | |||
r-devel-macos-arm64 | 0.8.5 | 30.00 | OK | |||
r-devel-macos-x86_64 | 0.8.5 | 57.00 | OK | |||
r-devel-windows-x86_64 | 0.8.5 | 3.00 | 65.00 | 68.00 | OK | |
r-patched-linux-x86_64 | 0.8.5 | 2.83 | 41.82 | 44.65 | OK | |
r-release-linux-x86_64 | 0.8.5 | 2.62 | 41.80 | 44.42 | OK | |
r-release-macos-arm64 | 0.8.5 | 28.00 | OK | |||
r-release-macos-x86_64 | 0.8.5 | 46.00 | OK | |||
r-release-windows-x86_64 | 0.8.5 | 6.00 | 80.00 | 86.00 | OK | |
r-oldrel-macos-arm64 | 0.8.5 | 34.00 | NOTE | |||
r-oldrel-macos-x86_64 | 0.8.5 | 84.00 | NOTE | |||
r-oldrel-windows-x86_64 | 0.8.5 | 4.00 | 71.00 | 75.00 | OK |
Version: 0.8.5
Check: package dependencies
Result: NOTE
Package suggested but not available for checking: ‘flowCore’
Flavors: r-oldrel-macos-arm64, r-oldrel-macos-x86_64
These binaries (installable software) and packages are in development.
They may not be fully stable and should be used with caution. We make no claims about them.