Last updated on 2025-05-01 08:52:35 CEST.
Flavor | Version | Tinstall | Tcheck | Ttotal | Status | Flags |
---|---|---|---|---|---|---|
r-devel-linux-x86_64-debian-clang | 0.2.0 | 75.72 | 28.55 | 104.27 | OK | |
r-devel-linux-x86_64-debian-gcc | 0.2.0 | 52.62 | 22.29 | 74.91 | OK | |
r-devel-linux-x86_64-fedora-clang | 0.2.0 | 161.14 | OK | |||
r-devel-linux-x86_64-fedora-gcc | 0.2.0 | 177.45 | OK | |||
r-devel-windows-x86_64 | 0.2.0 | 67.00 | 73.00 | 140.00 | OK | |
r-patched-linux-x86_64 | 0.2.0 | 73.84 | 26.19 | 100.03 | OK | |
r-release-linux-x86_64 | OK | |||||
r-release-macos-arm64 | 0.2.0 | 57.00 | OK | |||
r-release-macos-x86_64 | 0.2.0 | 112.00 | OK | |||
r-release-windows-x86_64 | 0.2.0 | 72.00 | 75.00 | 147.00 | OK | |
r-oldrel-macos-arm64 | 0.2.0 | 52.00 | NOTE | |||
r-oldrel-macos-x86_64 | 0.2.0 | 125.00 | NOTE | |||
r-oldrel-windows-x86_64 | 0.2.0 | 67.00 | 86.00 | 153.00 | OK |
Version: 0.2.0
Check: installed package size
Result: NOTE
installed size is 23.5Mb
sub-directories of 1Mb or more:
libs 23.3Mb
Flavors: r-oldrel-macos-arm64, r-oldrel-macos-x86_64
These binaries (installable software) and packages are in development.
They may not be fully stable and should be used with caution. We make no claims about them.