Last updated on 2025-07-02 01:51:40 CEST.
Flavor | Version | Tinstall | Tcheck | Ttotal | Status | Flags |
---|---|---|---|---|---|---|
r-devel-linux-x86_64-debian-clang | 1.1.1 | 5.53 | 62.10 | 67.63 | OK | |
r-devel-linux-x86_64-debian-gcc | 1.1.1 | 4.21 | 48.29 | 52.50 | OK | |
r-devel-linux-x86_64-fedora-clang | 1.1.1 | 103.04 | OK | |||
r-devel-linux-x86_64-fedora-gcc | 1.1.1 | 106.63 | OK | |||
r-devel-windows-x86_64 | 1.1.1 | 9.00 | 77.00 | 86.00 | OK | |
r-patched-linux-x86_64 | OK | |||||
r-release-linux-x86_64 | 1.1.1 | 5.32 | 57.62 | 62.94 | OK | |
r-release-macos-arm64 | 1.1.1 | 40.00 | OK | |||
r-release-macos-x86_64 | 1.1.1 | 66.00 | OK | |||
r-release-windows-x86_64 | 1.1.1 | 9.00 | 73.00 | 82.00 | OK | |
r-oldrel-macos-arm64 | 1.1.1 | 39.00 | NOTE | |||
r-oldrel-macos-x86_64 | 1.1.1 | 53.00 | NOTE | |||
r-oldrel-windows-x86_64 | 1.1.1 | 10.00 | 91.00 | 101.00 | NOTE |
Version: 1.1.1
Check: installed package size
Result: NOTE
installed size is 6.5Mb
sub-directories of 1Mb or more:
doc 6.3Mb
Flavors: r-oldrel-macos-arm64, r-oldrel-macos-x86_64, r-oldrel-windows-x86_64
These binaries (installable software) and packages are in development.
They may not be fully stable and should be used with caution. We make no claims about them.