CRAN Package Check Results for Package hyperoverlap

Last updated on 2025-05-08 04:52:07 CEST.

Flavor Version Tinstall Tcheck Ttotal Status Flags
r-devel-linux-x86_64-debian-clang 1.1.1 6.44 61.66 68.10 OK
r-devel-linux-x86_64-debian-gcc 1.1.1 4.33 46.48 50.81 OK
r-devel-linux-x86_64-fedora-clang 1.1.1 103.93 OK
r-devel-linux-x86_64-fedora-gcc 1.1.1 119.98 OK
r-devel-windows-x86_64 1.1.1 9.00 74.00 83.00 OK
r-patched-linux-x86_64 1.1.1 6.20 57.85 64.05 OK
r-release-linux-x86_64 1.1.1 5.89 58.70 64.59 OK
r-release-macos-arm64 1.1.1 40.00 OK
r-release-macos-x86_64 1.1.1 66.00 OK
r-release-windows-x86_64 1.1.1 9.00 74.00 83.00 OK
r-oldrel-macos-arm64 1.1.1 39.00 NOTE
r-oldrel-macos-x86_64 1.1.1 53.00 NOTE
r-oldrel-windows-x86_64 1.1.1 10.00 88.00 98.00 NOTE

Check Details

Version: 1.1.1
Check: installed package size
Result: NOTE installed size is 6.5Mb sub-directories of 1Mb or more: doc 6.3Mb Flavors: r-oldrel-macos-arm64, r-oldrel-macos-x86_64, r-oldrel-windows-x86_64

These binaries (installable software) and packages are in development.
They may not be fully stable and should be used with caution. We make no claims about them.