Last updated on 2025-02-16 08:50:49 CET.
Flavor | Version | Tinstall | Tcheck | Ttotal | Status | Flags |
---|---|---|---|---|---|---|
r-devel-linux-x86_64-debian-clang | 3.1.5 | 69.44 | 330.21 | 399.65 | OK | |
r-devel-linux-x86_64-debian-gcc | 3.1.5 | 44.54 | 211.44 | 255.98 | OK | |
r-devel-linux-x86_64-fedora-clang | 3.1.5 | 692.48 | OK | |||
r-devel-linux-x86_64-fedora-gcc | 3.1.5 | 610.43 | OK | |||
r-devel-macos-arm64 | 3.1.5 | 163.00 | OK | |||
r-devel-macos-x86_64 | 3.1.5 | 362.00 | OK | |||
r-devel-windows-x86_64 | 3.1.5 | 60.00 | 299.00 | 359.00 | OK | |
r-patched-linux-x86_64 | 3.1.5 | 62.83 | 303.10 | 365.93 | OK | |
r-release-linux-x86_64 | 3.1.5 | 58.36 | 303.77 | 362.13 | OK | |
r-release-macos-arm64 | 3.1.5 | 160.00 | NOTE | |||
r-release-macos-x86_64 | 3.1.5 | 353.00 | NOTE | |||
r-release-windows-x86_64 | 3.1.5 | 57.00 | 287.00 | 344.00 | OK | |
r-oldrel-macos-arm64 | 3.1.4 | 158.00 | NOTE | |||
r-oldrel-macos-x86_64 | 3.1.5 | 325.00 | NOTE | |||
r-oldrel-windows-x86_64 | 3.1.5 | 81.00 | 412.00 | 493.00 | NOTE |
Version: 3.1.5
Check: installed package size
Result: NOTE
installed size is 5.8Mb
sub-directories of 1Mb or more:
doc 2.8Mb
libs 1.8Mb
Flavors: r-release-macos-arm64, r-release-macos-x86_64, r-oldrel-macos-x86_64, r-oldrel-windows-x86_64
Version: 3.1.4
Check: installed package size
Result: NOTE
installed size is 5.8Mb
sub-directories of 1Mb or more:
doc 2.8Mb
libs 1.8Mb
Flavor: r-oldrel-macos-arm64
These binaries (installable software) and packages are in development.
They may not be fully stable and should be used with caution. We make no claims about them.