Last updated on 2025-07-22 13:49:15 CEST.
Flavor | Version | Tinstall | Tcheck | Ttotal | Status | Flags |
---|---|---|---|---|---|---|
r-devel-linux-x86_64-debian-clang | 3.1.6 | 64.13 | 342.26 | 406.39 | OK | |
r-devel-linux-x86_64-debian-gcc | 3.1.6 | 45.31 | 222.99 | 268.30 | OK | |
r-devel-linux-x86_64-fedora-clang | 3.1.6 | 680.89 | OK | |||
r-devel-linux-x86_64-fedora-gcc | 3.1.6 | 634.36 | OK | |||
r-devel-windows-x86_64 | 3.1.6 | 64.00 | 303.00 | 367.00 | OK | |
r-patched-linux-x86_64 | 3.1.6 | 59.43 | 323.80 | 383.23 | OK | |
r-release-linux-x86_64 | 3.1.6 | 59.57 | 319.03 | 378.60 | OK | |
r-release-macos-arm64 | 3.1.6 | 121.00 | OK | |||
r-release-macos-x86_64 | 3.1.6 | 366.00 | OK | |||
r-release-windows-x86_64 | 3.1.6 | 61.00 | 296.00 | 357.00 | OK | |
r-oldrel-macos-arm64 | 3.1.6 | 144.00 | NOTE | |||
r-oldrel-macos-x86_64 | 3.1.6 | 314.00 | NOTE | |||
r-oldrel-windows-x86_64 | 3.1.6 | 83.00 | 418.00 | 501.00 | OK |
Version: 3.1.6
Check: installed package size
Result: NOTE
installed size is 5.8Mb
sub-directories of 1Mb or more:
doc 2.8Mb
libs 1.8Mb
Flavors: r-oldrel-macos-arm64, r-oldrel-macos-x86_64
These binaries (installable software) and packages are in development.
They may not be fully stable and should be used with caution. We make no claims about them.