Last updated on 2025-05-08 04:52:07 CEST.
Flavor | Version | Tinstall | Tcheck | Ttotal | Status | Flags |
---|---|---|---|---|---|---|
r-devel-linux-x86_64-debian-clang | 3.1.5 | 64.55 | 340.11 | 404.66 | OK | |
r-devel-linux-x86_64-debian-gcc | 3.1.5 | 40.71 | 218.21 | 258.92 | OK | |
r-devel-linux-x86_64-fedora-clang | 3.1.5 | 699.95 | OK | |||
r-devel-linux-x86_64-fedora-gcc | 3.1.5 | 686.79 | OK | |||
r-devel-windows-x86_64 | 3.1.5 | 64.00 | 307.00 | 371.00 | OK | |
r-patched-linux-x86_64 | 3.1.5 | 59.34 | 320.98 | 380.32 | OK | |
r-release-linux-x86_64 | 3.1.5 | 60.03 | 318.50 | 378.53 | OK | |
r-release-macos-arm64 | 3.1.5 | 149.00 | OK | |||
r-release-macos-x86_64 | 3.1.5 | 362.00 | OK | |||
r-release-windows-x86_64 | 3.1.5 | 57.00 | 5.00 | 62.00 | ERROR | |
r-oldrel-macos-arm64 | 3.1.5 | 160.00 | NOTE | |||
r-oldrel-macos-x86_64 | 3.1.5 | 353.00 | NOTE | |||
r-oldrel-windows-x86_64 | 3.1.5 | 86.00 | 412.00 | 498.00 | OK |
Version: 3.1.5
Check: whether package can be installed
Result: ERROR
Installation failed.
Flavor: r-release-windows-x86_64
Version: 3.1.5
Check: installed package size
Result: NOTE
installed size is 5.8Mb
sub-directories of 1Mb or more:
doc 2.8Mb
libs 1.8Mb
Flavors: r-oldrel-macos-arm64, r-oldrel-macos-x86_64
These binaries (installable software) and packages are in development.
They may not be fully stable and should be used with caution. We make no claims about them.