CRAN Package Check Results for Package hypothesis

Last updated on 2025-02-16 08:50:49 CET.

Flavor Version Tinstall Tcheck Ttotal Status Flags
r-devel-linux-x86_64-debian-clang 1.1.0 1.88 24.46 26.34 NOTE
r-devel-linux-x86_64-debian-gcc 1.1.0 1.57 18.95 20.52 NOTE
r-devel-linux-x86_64-fedora-clang 1.1.0 43.66 NOTE
r-devel-linux-x86_64-fedora-gcc 1.1.0 54.34 NOTE
r-devel-macos-arm64 1.1.0 25.00 OK
r-devel-macos-x86_64 1.1.0 45.00 NOTE
r-devel-windows-x86_64 1.1.0 3.00 46.00 49.00 NOTE
r-patched-linux-x86_64 1.1.0 1.95 23.29 25.24 OK
r-release-linux-x86_64 1.1.0 1.62 23.09 24.71 OK
r-release-macos-arm64 1.1.0 24.00 OK
r-release-macos-x86_64 1.1.0 34.00 OK
r-release-windows-x86_64 1.1.0 4.00 47.00 51.00 OK
r-oldrel-macos-arm64 1.1.0 22.00 OK
r-oldrel-macos-x86_64 1.1.0 36.00 OK
r-oldrel-windows-x86_64 1.1.0 5.00 48.00 53.00 OK

Check Details

Version: 1.1.0
Check: DESCRIPTION meta-information
Result: NOTE Missing dependency on R >= 4.1.0 because package code uses the pipe |> or function shorthand \(...) syntax added in R 4.1.0. File(s) using such syntax: ‘hypothesis-api.R’ Flavors: r-devel-linux-x86_64-debian-clang, r-devel-linux-x86_64-debian-gcc, r-devel-linux-x86_64-fedora-clang, r-devel-linux-x86_64-fedora-gcc, r-devel-macos-x86_64, r-devel-windows-x86_64

These binaries (installable software) and packages are in development.
They may not be fully stable and should be used with caution. We make no claims about them.