Last updated on 2025-05-01 14:49:12 CEST.
Flavor | Version | Tinstall | Tcheck | Ttotal | Status | Flags |
---|---|---|---|---|---|---|
r-devel-linux-x86_64-debian-clang | 0.2.0 | 26.44 | 245.62 | 272.06 | NOTE | |
r-devel-linux-x86_64-debian-gcc | 0.2.0 | 19.71 | 150.84 | 170.55 | NOTE | |
r-devel-linux-x86_64-fedora-clang | 0.2.0 | 469.01 | OK | |||
r-devel-linux-x86_64-fedora-gcc | 0.2.0 | 454.27 | OK | |||
r-devel-windows-x86_64 | 0.2.0 | 27.00 | 183.00 | 210.00 | NOTE | |
r-patched-linux-x86_64 | 0.2.0 | 27.50 | 226.97 | 254.47 | NOTE | |
r-release-linux-x86_64 | NOTE | |||||
r-release-macos-arm64 | 0.2.0 | 98.00 | OK | |||
r-release-macos-x86_64 | 0.2.0 | 232.00 | OK | |||
r-release-windows-x86_64 | 0.2.0 | 26.00 | 186.00 | 212.00 | NOTE | |
r-oldrel-macos-arm64 | 0.2.0 | 106.00 | OK | |||
r-oldrel-macos-x86_64 | 0.2.0 | 158.00 | OK | |||
r-oldrel-windows-x86_64 | 0.2.0 | 36.00 | 253.00 | 289.00 | OK |
Version: 0.2.0
Check: CRAN incoming feasibility
Result: NOTE
Maintainer: ‘Faustin GASHAKAMBA <gashakamba@gmail.com>’
No Authors@R field in DESCRIPTION.
Please add one, modifying
Authors@R: person(given = "Faustin",
family = "GASHAKAMBA",
role = c("aut", "cre"),
email = "gashakamba@gmail.com")
as necessary.
Flavors: r-devel-linux-x86_64-debian-clang, r-devel-linux-x86_64-debian-gcc
Version: 0.2.0
Check: Rd cross-references
Result: NOTE
Found the following Rd file(s) with Rd \link{} targets missing package
anchors:
calc_areas.Rd: area, values
generateHypsoTables.Rd: crop, mask, classify
Please provide package anchors for all Rd \link{} targets not in the
package itself and the base packages.
Flavors: r-devel-linux-x86_64-debian-clang, r-devel-linux-x86_64-debian-gcc, r-devel-windows-x86_64, r-patched-linux-x86_64, r-release-linux-x86_64, r-release-windows-x86_64
These binaries (installable software) and packages are in development.
They may not be fully stable and should be used with caution. We make no claims about them.