Last updated on 2025-10-25 05:50:04 CEST.
| Flavor | Version | Tinstall | Tcheck | Ttotal | Status | Flags |
|---|---|---|---|---|---|---|
| r-devel-linux-x86_64-debian-clang | 2.7.2 | 16.19 | 144.43 | 160.62 | NOTE | |
| r-devel-linux-x86_64-debian-gcc | 2.7.2 | 9.92 | 94.47 | 104.39 | NOTE | |
| r-devel-linux-x86_64-fedora-clang | 2.7.2 | 43.00 | 206.73 | 249.73 | OK | |
| r-devel-linux-x86_64-fedora-gcc | 2.7.2 | 36.00 | 205.21 | 241.21 | OK | |
| r-devel-windows-x86_64 | 2.7.2 | 17.00 | 128.00 | 145.00 | OK | |
| r-patched-linux-x86_64 | 2.7.2 | 13.91 | 134.81 | 148.72 | OK | |
| r-release-linux-x86_64 | 2.7.2 | 14.47 | 135.26 | 149.73 | OK | |
| r-release-macos-arm64 | 2.7.2 | 7.00 | 57.00 | 64.00 | OK | |
| r-release-macos-x86_64 | 2.7.2 | 13.00 | 123.00 | 136.00 | OK | |
| r-release-windows-x86_64 | 2.7.2 | 17.00 | 132.00 | 149.00 | OK | |
| r-oldrel-macos-arm64 | 2.7.2 | 6.00 | 50.00 | 56.00 | OK | |
| r-oldrel-macos-x86_64 | 2.7.2 | 9.00 | 85.00 | 94.00 | OK | |
| r-oldrel-windows-x86_64 | 2.7.2 | 23.00 | 176.00 | 199.00 | OK |
Version: 2.7.2
Check: CRAN incoming feasibility
Result: NOTE
Maintainer: ‘Spencer Maynes <smaynes89@gmail.com>’
No Authors@R field in DESCRIPTION.
Please add one, modifying
Authors@R: c(person(given = "Spencer",
family = "Maynes",
role = c("aut", "cre"),
email = "smaynes89@gmail.com"),
person(given = "Fan",
family = "Yang",
role = "aut"),
person(given = "Anne",
family = "Parkhurst",
role = "aut"))
as necessary.
Flavors: r-devel-linux-x86_64-debian-clang, r-devel-linux-x86_64-debian-gcc
These binaries (installable software) and packages are in development.
They may not be fully stable and should be used with caution. We make no claims about them.