Last updated on 2025-05-01 15:49:33 CEST.
Flavor | Version | Tinstall | Tcheck | Ttotal | Status | Flags |
---|---|---|---|---|---|---|
r-devel-linux-x86_64-debian-clang | 0.1.1 | 6.85 | 116.14 | 122.99 | NOTE | |
r-devel-linux-x86_64-debian-gcc | 0.1.1 | 5.08 | 78.10 | 83.18 | OK | |
r-devel-linux-x86_64-fedora-clang | 0.1.1 | 195.00 | OK | |||
r-devel-linux-x86_64-fedora-gcc | 0.1.1 | 190.31 | OK | |||
r-devel-windows-x86_64 | 0.1.1 | 8.00 | 137.00 | 145.00 | OK | |
r-patched-linux-x86_64 | 0.1.1 | 7.24 | 110.08 | 117.32 | OK | |
r-release-linux-x86_64 | OK | |||||
r-release-macos-arm64 | 0.1.1 | 51.00 | OK | |||
r-release-macos-x86_64 | 0.1.1 | 92.00 | OK | |||
r-release-windows-x86_64 | 0.1.1 | 10.00 | 139.00 | 149.00 | OK | |
r-oldrel-macos-arm64 | 0.1.1 | 55.00 | OK | |||
r-oldrel-macos-x86_64 | 0.1.1 | 102.00 | OK | |||
r-oldrel-windows-x86_64 | 0.1.1 | 9.00 | 170.00 | 179.00 | OK |
Version: 0.1.1
Check: examples
Result: NOTE
Examples with CPU (user + system) or elapsed time > 5s
user system elapsed
invnormal_c_opt 10.445 0.043 13.263
gumbel_c_opt 9.239 0.000 10.686
weibull_errorI 7.123 0.004 9.370
gumbel_errorI 5.583 0.004 6.395
geom_c_opt 4.829 0.003 6.560
norm_c_opt 3.897 0.003 5.581
Flavor: r-devel-linux-x86_64-debian-clang
Version: 0.1.1
Check: examples
Result: NA
user system elapsed
invnormal_c_opt 5.873 0.000 7.858
gumbel_c_opt 5.378 0.000 6.678
weibull_errorI 4.206 0.004 5.431
OK
Flavor: r-devel-linux-x86_64-debian-gcc
These binaries (installable software) and packages are in development.
They may not be fully stable and should be used with caution. We make no claims about them.