CRAN Package Check Results for Package iBART

Last updated on 2025-07-19 21:49:38 CEST.

Flavor Version Tinstall Tcheck Ttotal Status Flags
r-devel-linux-x86_64-debian-clang 1.0.0 13.07 202.77 215.84 NOTE
r-devel-linux-x86_64-debian-gcc 1.0.0 9.61 134.96 144.57 NOTE
r-devel-linux-x86_64-fedora-clang 1.0.0 324.02 OK
r-devel-linux-x86_64-fedora-gcc 1.0.0 325.36 OK
r-devel-windows-x86_64 1.0.0 13.00 178.00 191.00 OK
r-patched-linux-x86_64 1.0.0 12.53 193.64 206.17 OK
r-release-linux-x86_64 1.0.0 11.80 194.06 205.86 OK
r-release-macos-arm64 1.0.0 124.00 OK
r-release-macos-x86_64 1.0.0 237.00 OK
r-release-windows-x86_64 1.0.0 14.00 179.00 193.00 OK
r-oldrel-macos-arm64 1.0.0 93.00 OK
r-oldrel-macos-x86_64 1.0.0 151.00 OK
r-oldrel-windows-x86_64 1.0.0 17.00 264.00 281.00 OK

Check Details

Version: 1.0.0
Check: CRAN incoming feasibility
Result: NOTE Maintainer: ‘Shengbin Ye <sy53@rice.edu>’ The Description field contains <arXiv:2110.10195>. Please refer to arXiv e-prints via their arXiv DOI <doi:10.48550/arXiv.YYMM.NNNNN>. Flavors: r-devel-linux-x86_64-debian-clang, r-devel-linux-x86_64-debian-gcc

These binaries (installable software) and packages are in development.
They may not be fully stable and should be used with caution. We make no claims about them.