Last updated on 2025-10-24 13:49:40 CEST.
| Flavor | Version | Tinstall | Tcheck | Ttotal | Status | Flags |
|---|---|---|---|---|---|---|
| r-devel-linux-x86_64-debian-clang | 1.2 | 18.75 | 60.38 | 79.13 | NOTE | |
| r-devel-linux-x86_64-debian-gcc | 1.2 | 12.88 | 46.22 | 59.10 | NOTE | |
| r-devel-linux-x86_64-fedora-clang | 1.2 | 64.00 | 68.05 | 132.05 | OK | |
| r-devel-linux-x86_64-fedora-gcc | 1.2 | 40.00 | 75.31 | 115.31 | OK | |
| r-devel-windows-x86_64 | 1.2 | 22.00 | 84.00 | 106.00 | OK | |
| r-patched-linux-x86_64 | 1.2 | 18.88 | 58.04 | 76.92 | OK | |
| r-release-linux-x86_64 | 1.2 | 18.28 | 57.77 | 76.05 | OK | |
| r-release-macos-arm64 | 1.2 | 8.00 | 29.00 | 37.00 | OK | |
| r-release-macos-x86_64 | 1.2 | 12.00 | 44.00 | 56.00 | OK | |
| r-release-windows-x86_64 | 1.2 | 23.00 | 86.00 | 109.00 | OK | |
| r-oldrel-macos-arm64 | 1.2 | 9.00 | 28.00 | 37.00 | OK | |
| r-oldrel-macos-x86_64 | 1.2 | 11.00 | 45.00 | 56.00 | OK | |
| r-oldrel-windows-x86_64 | 1.2 | 30.00 | 110.00 | 140.00 | OK |
Version: 1.2
Check: CRAN incoming feasibility
Result: NOTE
Maintainer: ‘Cyprien Mbogning <cyprien.mbogning@gmail.com>’
No Authors@R field in DESCRIPTION.
Please add one, modifying
Authors@R: c(person(given = "Cyprien",
family = "Mbogning",
role = c("aut", "cre"),
email = "cyprien.mbogning@gmail.com"),
person(given = "Philippe",
family = "Broet",
role = "aut"))
as necessary.
Flavors: r-devel-linux-x86_64-debian-clang, r-devel-linux-x86_64-debian-gcc
These binaries (installable software) and packages are in development.
They may not be fully stable and should be used with caution. We make no claims about them.