CRAN Package Check Results for Package iCAMP

Last updated on 2025-07-02 01:51:40 CEST.

Flavor Version Tinstall Tcheck Ttotal Status Flags
r-devel-linux-x86_64-debian-clang 1.5.12 25.99 149.27 175.26 NOTE
r-devel-linux-x86_64-debian-gcc 1.5.12 14.51 104.79 119.30 NOTE
r-devel-linux-x86_64-fedora-clang 1.5.12 285.37 OK
r-devel-linux-x86_64-fedora-gcc 1.5.12 267.93 OK
r-devel-windows-x86_64 1.5.12 23.00 182.00 205.00 OK
r-patched-linux-x86_64 OK
r-release-linux-x86_64 1.5.12 22.46 142.45 164.91 OK
r-release-macos-arm64 1.5.12 86.00 OK
r-release-macos-x86_64 1.5.12 156.00 OK
r-release-windows-x86_64 1.5.12 23.00 177.00 200.00 OK
r-oldrel-macos-arm64 1.5.12 82.00 OK
r-oldrel-macos-x86_64 1.5.12 131.00 OK
r-oldrel-windows-x86_64 1.5.12 31.00 231.00 262.00 OK

Additional issues

donttest

Check Details

Version: 1.5.12
Check: CRAN incoming feasibility
Result: NOTE Maintainer: ‘Daliang Ning <ningdaliang@ou.edu>’ No Authors@R field in DESCRIPTION. Please add one, modifying Authors@R: person(given = "Daliang", family = "Ning", role = c("aut", "cre"), email = "ningdaliang@ou.edu") as necessary. Flavors: r-devel-linux-x86_64-debian-clang, r-devel-linux-x86_64-debian-gcc

These binaries (installable software) and packages are in development.
They may not be fully stable and should be used with caution. We make no claims about them.