CRAN Package Check Results for Package iIneq

Last updated on 2025-05-01 08:52:35 CEST.

Flavor Version Tinstall Tcheck Ttotal Status Flags
r-devel-linux-x86_64-debian-clang 1.0.2 1.64 18.40 20.04 NOTE
r-devel-linux-x86_64-debian-gcc 1.0.2 1.36 15.31 16.67 NOTE
r-devel-linux-x86_64-fedora-clang 1.0.2 31.56 OK
r-devel-linux-x86_64-fedora-gcc 1.0.2 30.91 OK
r-devel-windows-x86_64 1.0.2 3.00 44.00 47.00 OK
r-patched-linux-x86_64 1.0.2 1.76 17.63 19.39 OK
r-release-linux-x86_64 OK
r-release-macos-arm64 1.0.2 15.00 OK
r-release-macos-x86_64 1.0.2 24.00 OK
r-release-windows-x86_64 1.0.2 3.00 45.00 48.00 OK
r-oldrel-macos-arm64 1.0.2 16.00 NOTE
r-oldrel-macos-x86_64 1.0.2 22.00 NOTE
r-oldrel-windows-x86_64 1.0.2 4.00 42.00 46.00 NOTE

Check Details

Version: 1.0.2
Check: CRAN incoming feasibility
Result: NOTE Maintainer: ‘Tim Liao <tfliao@illinois.edu>’ No Authors@R field in DESCRIPTION. Please add one, modifying Authors@R: person(given = "Tim", family = "Liao", role = c("aut", "cre"), email = "tfliao@illinois.edu") as necessary. Flavors: r-devel-linux-x86_64-debian-clang, r-devel-linux-x86_64-debian-gcc

Version: 1.0.2
Check: LazyData
Result: NOTE 'LazyData' is specified without a 'data' directory Flavors: r-oldrel-macos-arm64, r-oldrel-macos-x86_64, r-oldrel-windows-x86_64

These binaries (installable software) and packages are in development.
They may not be fully stable and should be used with caution. We make no claims about them.