Last updated on 2025-02-19 06:50:48 CET.
Flavor | Version | Tinstall | Tcheck | Ttotal | Status | Flags |
---|---|---|---|---|---|---|
r-devel-linux-x86_64-debian-clang | 2.1.0 | 8.89 | 83.22 | 92.11 | OK | |
r-devel-linux-x86_64-debian-gcc | 2.1.0 | 7.28 | 58.96 | 66.24 | OK | |
r-devel-linux-x86_64-fedora-clang | 2.1.0 | 153.77 | OK | |||
r-devel-linux-x86_64-fedora-gcc | 2.1.0 | 141.20 | OK | |||
r-devel-macos-arm64 | 2.1.0 | 44.00 | OK | |||
r-devel-macos-x86_64 | 2.1.0 | 78.00 | OK | |||
r-devel-windows-x86_64 | 2.1.0 | 9.00 | 94.00 | 103.00 | OK | |
r-patched-linux-x86_64 | 2.1.0 | 10.60 | 77.04 | 87.64 | OK | |
r-release-linux-x86_64 | 2.1.0 | 9.61 | 77.94 | 87.55 | OK | |
r-release-macos-arm64 | 2.1.0 | 43.00 | NOTE | |||
r-release-macos-x86_64 | 2.1.0 | 125.00 | NOTE | |||
r-release-windows-x86_64 | 2.1.0 | 10.00 | 94.00 | 104.00 | NOTE | |
r-oldrel-macos-arm64 | 2.1.0 | 46.00 | NOTE | |||
r-oldrel-macos-x86_64 | 2.1.0 | 104.00 | NOTE | |||
r-oldrel-windows-x86_64 | 2.1.0 | 10.00 | 133.00 | 143.00 | NOTE |
Version: 2.1.0
Check: installed package size
Result: NOTE
installed size is 5.3Mb
sub-directories of 1Mb or more:
java 4.2Mb
Flavors: r-release-macos-arm64, r-release-macos-x86_64, r-release-windows-x86_64, r-oldrel-macos-arm64, r-oldrel-macos-x86_64, r-oldrel-windows-x86_64
These binaries (installable software) and packages are in development.
They may not be fully stable and should be used with caution. We make no claims about them.